Report for 2013 October
                   MONTHLY CLIMATOLOGICAL SUMMARY for Oct 2013


NAME: Ellijay, GA                  
ELEV: 1480 feet    LAT: 34-38.16 N    LONG: 084-27.00 W


                   TEMPERATURE (°F), RAIN (in), WIND SPEED (mph)

                                         HEAT   COOL         AVG
      MEAN                               DEG    DEG          WIND                   DOM
DAY   TEMP   HIGH   TIME    LOW   TIME   DAYS   DAYS   RAIN  SPEED   HIGH   TIME    DIR
---------------------------------------------------------------------------------------
 01   61.9   75.0  14:56   51.0  05:41    3.1    0.0   0.00    0.2    4.6  15:59    323
 02   65.4   78.8  16:00   54.0  07:57    0.0    0.4   0.00    0.4    6.9  13:58    341
 03   67.3   78.3  14:32   60.7  08:27    0.0    2.3   0.00    0.2    4.0  11:03      5
 04   65.1   78.8  15:42   54.7  07:44    0.0    0.1   0.00    0.3    4.6  14:52    330
 05   67.5   80.7  15:46   56.7  07:31    0.0    2.5   0.00    0.2    3.5  12:42     49
 06   69.9   78.1  14:51   58.9  07:30    0.0    4.9   0.46    0.7    8.1  15:13    107
 07   59.9   67.0  10:40   51.7  23:59    5.1    0.0   0.47    1.8   12.7  17:41    322
 08   59.5   72.0  15:19   48.4  06:57    5.5    0.0   0.00    0.6    5.0  11:51    112
 09   61.3   71.9  14:58   50.6  07:55    3.7    0.0   0.00    0.5    5.8  14:07      9
 10   59.6   74.3  15:06   48.3  08:02    5.4    0.0   0.00    1.2   11.5  12:30    324
 11   59.3   75.0  15:08   46.7  07:50    5.7    0.0   0.00    0.8    8.1  13:57    320
 12   59.9   76.0  15:36   46.3  07:53    5.1    0.0   0.00    0.9   10.4  12:10    324
 13   61.6   76.3  14:27   48.7  08:08    3.4    0.0   0.00    0.9    9.2  13:38    327
 14   62.8   72.2  16:22   54.1  07:58    2.2    0.0   0.00    0.2    4.0  11:04    353
 15   61.7   67.5  13:43   57.1  03:38    3.3    0.0   0.00    0.4    4.6  13:39    112
 16   59.9   68.0  15:44   52.9  06:30    5.1    0.0   0.01    0.0    4.0  13:31    336
 17   62.5   67.2  11:45   58.5  23:59    2.5    0.0   5.16    0.2    7.0  14:00    332
 18   52.3   64.9  15:55   46.5  07:01   12.7    0.0   0.10    0.4    5.8  00:37    310
 19   54.2   62.1  11:15   49.5  23:52   10.8    0.0   0.30    0.1    9.0  10:30    325
 20   50.7   63.2  15:15   35.6  08:11   14.3    0.0   0.00    0.6    4.6  13:03    329
 21   56.0   66.7  15:32   37.8  00:25    9.0    0.0   0.00    0.4    4.6  15:04     24
 22   58.5   67.7  15:22   48.4  23:57    6.5    0.0   0.00    0.7    7.0  15:51    328
 23   46.2   53.2  13:39   35.7  23:59   18.8    0.0   0.00    2.6   19.6  12:42    310
 24   43.2   57.8  15:21   31.8  04:18   21.8    0.0   0.00    0.7    8.1  15:28    321
 25   39.6   50.7  15:19   31.1  00:00   25.4    0.0   0.00    2.1   13.8  11:38    326
 26   40.8   55.3  15:30   28.7  03:27   24.2    0.0   0.00    0.5    5.8  13:25     28
 27   49.5   59.4  14:24   36.6  00:26   15.5    0.0   0.00    0.0    3.5  14:01     13
 28   54.2   60.0  16:40   47.5  08:06   10.8    0.0   0.07    0.0    2.3  13:19      5
 29   56.1   69.1  15:58   45.4  07:43    8.9    0.0   0.00    0.1    3.5  12:06    351
 30   59.9   72.2  15:11   50.0  07:34    5.1    0.0   0.00    0.3    6.0  12:45    352
 31   64.0   70.6  14:31   55.8  03:57    1.0    0.0   0.07    1.6   11.5  23:50    112
---------------------------------------------------------------------------------------
      57.8   80.7     05   28.7     26  235.0   10.3   6.64    0.6   19.6     23    344