Report for 2013 November
                   MONTHLY CLIMATOLOGICAL SUMMARY for Nov 2013


NAME: Ellijay, GA                  
ELEV: 1480 feet    LAT: 34-38.16 N    LONG: 084-27.00 W


                   TEMPERATURE (°F), RAIN (in), WIND SPEED (mph)

                                         HEAT   COOL         AVG
      MEAN                               DEG    DEG          WIND                   DOM
DAY   TEMP   HIGH   TIME    LOW   TIME   DAYS   DAYS   RAIN  SPEED   HIGH   TIME    DIR
---------------------------------------------------------------------------------------
 01   62.1   69.2  15:35   47.9  00:00    2.9    0.0   0.33    1.2    9.2  13:50      3
 02   49.9   62.9  14:47   38.4  07:55   15.1    0.0   0.00    1.4   11.5  14:09    319
 03   47.3   60.1  15:12   38.7  23:40   17.7    0.0   0.00    1.1    9.2  11:40    314
 04   48.0   58.4  15:15   34.7  06:53   17.0    0.0   0.00    2.0   12.0  08:56    122
 05   53.8   64.5  14:53   43.9  07:35   11.2    0.0   0.00    2.2   11.5  02:45    120
 06   60.5   68.7  15:14   51.1  00:28    4.5    0.0   0.00    2.2   11.5  14:33    121
 07   52.4   61.5  00:17   37.9  21:59   12.6    0.0   0.20    2.0   13.0  13:55    323
 08   44.2   56.2  14:39   32.2  23:56   20.8    0.0   0.00    2.8   12.7  11:38    325
 09   42.5   56.7  12:31   30.2  07:09   22.5    0.0   0.00    0.0    6.0  11:15     12
 10   46.9   66.8  06:05   36.7  03:51   18.1    0.0   0.00    0.6   18.4  10:29    328
 11   46.5   63.0  14:52   30.2  07:10   18.5    0.0   0.00    0.1    7.0  00:38      4
 12   39.0   54.6  10:51   29.8  23:36   26.0    0.0   0.00    1.8   22.0  16:31    318
 13   32.5   47.1  15:44   20.7  07:27   32.5    0.0   0.00    0.5   15.0  00:06    317
 14   35.4   56.0  14:12   20.0  07:18   29.6    0.0   0.00    0.1    5.0  12:17     45
 15   44.1   51.7  15:31   29.7  00:01   20.9    0.0   0.18    0.0    4.0  18:57    119
 16   55.4   59.4  13:19   50.5  00:01    9.6    0.0   0.01    0.6    9.0  21:49    123
 17   61.0   66.6  23:49   58.7  02:15    4.0    0.0   0.61    0.0   11.0  00:29    124
 18   58.1   67.1  01:36   48.6  23:59    6.9    0.0   0.01    0.0    0.0  00:01     90
 19   46.1   56.0  15:50   39.2  00:00   18.9    0.0   0.00    0.0    0.0  00:01     90
 20   47.3   53.7  14:09   37.4  00:47   17.7    0.0   0.00    2.1   15.0  08:50    122
 21   52.1   56.4  15:21   47.9  01:44   12.9    0.0   0.00    2.2   11.0  09:57    121
 22   57.5   61.6  14:26   55.2  07:17    7.5    0.0   0.16    0.2    5.0  00:02    130
 23   48.2   57.4  00:01   37.6  22:52   16.8    0.0   0.01    1.6   18.0  12:34    320
 24   33.0   41.4  15:19   25.4  23:32   32.0    0.0   0.00    1.0   13.0  09:43    314
 25   35.5   42.0  15:36   26.2  00:01   29.5    0.0   0.35    1.5   13.0  07:49    119
 26   44.3   49.1  16:24   35.6  00:01   20.7    0.0  11.24    0.6   12.0  00:00     74
 27   32.1   41.1  00:01   25.6  23:47   32.9    0.0   0.03    2.8   20.0  05:29    321
 28   30.3   46.5  14:36   18.4  07:18   34.7    0.0   0.00    0.2    9.0  01:52    326
 29   35.3   56.5  15:05   21.5  07:23   29.7    0.0   0.00    0.2    6.0  13:06    314
 30   41.9   52.8  15:08   33.3  22:11   23.1    0.0   0.00    1.1   13.0  04:06    120
---------------------------------------------------------------------------------------
      46.3   69.2     01   18.4     28  566.8    0.0  13.13    1.1   22.0     12     82