Report for 2013 December
                   MONTHLY CLIMATOLOGICAL SUMMARY for Dec 2013


NAME: Ellijay, GA                  
ELEV: 1480 feet    LAT: 34-38.16 N    LONG: 084-27.00 W


                   TEMPERATURE (°F), RAIN (in), WIND SPEED (mph)

                                         HEAT   COOL         AVG
      MEAN                               DEG    DEG          WIND                   DOM
DAY   TEMP   HIGH   TIME    LOW   TIME   DAYS   DAYS   RAIN  SPEED   HIGH   TIME    DIR
---------------------------------------------------------------------------------------
 01   41.4   53.7  14:20   32.3  08:11   23.6    0.0   0.00    0.1    6.0  11:25    318
 02   45.2   48.4  15:51   41.0  00:01   19.8    0.0   0.18    0.0    1.0  08:50     90
 03   50.8   53.3  16:07   48.3  00:01   14.2    0.0   0.09    0.0    5.0  10:13    122
 04   58.2   66.7  15:40   52.4  00:01    6.8    0.0   0.04    0.1    6.0  11:14    106
 05   65.3   67.9  14:22   59.5  00:01    0.0    0.3   0.38    0.1    5.0  01:42    103
 06   66.4   71.4  11:20   52.8  00:00    0.0    1.4   0.74    0.0    7.0  01:58    106
 07   43.2   52.8  00:01   39.1  07:11   21.8    0.0   0.01    0.9   13.0  06:11    312
 08   44.3   49.4  00:38   41.9  16:55   20.7    0.0   1.53    1.4   15.0  01:11    118
 09   47.9   50.6  16:16   43.2  00:35   17.1    0.0   0.94    0.1    5.0  00:45    326
 10   40.7   49.7  00:16   28.3  23:59   24.3    0.0   0.35    0.8   15.0  15:17    307
 11   32.6   50.3  15:11   23.3  08:07   32.4    0.0   0.00    0.1    6.0  12:52    327
 12   33.7   43.1  15:13   26.9  23:59   31.3    0.0   0.00    1.2   15.0  03:59    316
 13   36.4   51.5  14:11   21.3  07:49   28.6    0.0   0.00    0.1    6.0  23:37    117
 14   48.3   51.8  15:46   43.6  08:01   16.7    0.0   0.52    0.8   12.0  23:56    122
 15   36.0   49.3  00:01   28.8  23:57   29.0    0.0   0.03    0.9   15.0  05:59    304
 16   33.7   48.7  14:44   24.5  07:59   31.3    0.0   0.00    0.1    8.0  12:12    317
 17   39.7   55.7  15:18   26.5  07:46   25.3    0.0   0.00    0.5   14.0  22:31    316
 18   37.0   48.0  15:08   28.4  00:00   28.0    0.0   0.00    0.4   10.0  00:59    316
 19   38.7   60.4  14:13   25.3  07:40   26.3    0.0   0.00    0.1    5.0  11:27     95
 20   48.8   60.7  12:36   32.8  05:53   16.2    0.0   0.00    0.1    5.0  12:22    108
 21   63.0   69.1  20:19   56.0  00:01    2.0    0.0   0.02    1.1   16.0  19:26    122
 22   58.6   68.5  03:25   54.2  00:00    6.4    0.0   2.84    0.0    5.0  13:05    125
 23   45.4   54.2  00:01   33.3  23:52   19.6    0.0   0.14    1.3   16.0  20:19    314
 24   31.3   35.9  15:02   23.9  23:58   33.7    0.0   0.01    1.1   13.0  11:59    312
 25   30.3   43.9  14:51   19.5  06:26   34.7    0.0   0.00    0.2    9.0  10:54    125
 26   33.6   49.7  15:03   23.1  07:48   31.4    0.0   0.00    0.2    9.0  12:51    319
 27   34.4   52.2  15:09   23.3  07:48   30.6    0.0   0.00    0.1    6.0  14:24    306
 28   35.6   42.8  22:51   27.6  04:01   29.4    0.0   0.83    0.4   15.0  22:58    119
 29   43.1   46.8  13:45   35.1  23:48   21.9    0.0   0.23    0.4    9.0  00:01    105
 30   39.1   44.9  12:18   34.9  08:06   25.9    0.0   0.00    0.1    6.0  12:47    316
 31   35.0   43.0  14:55   28.4  23:45   30.0    0.0   0.00    0.5   14.0  13:33    316
---------------------------------------------------------------------------------------
      43.2   71.4     06   19.5     25  679.0    1.7   8.88    0.4   16.0     21    335