Report for 2014
                     CLIMATOLOGICAL SUMMARY for year 2014


NAME: Ellijay, GA                  
ELEV: 1480 feet    LAT: 34-38.16 N    LONG: 084-27.00 W


                                       TEMPERATURE (°F)

                              HEAT    COOL                              MAX    MAX    MIN    MIN
          MEAN   MEAN         DEG     DEG                                >=     <=     <=     <=
 YR  MO   MAX    MIN    MEAN  DAYS    DAYS      HI  DAY     LOW  DAY     90     32     32      0
------------------------------------------------------------------------------------------------
2014 01   43.4   20.2   31.2 1046.0    0.0    58.9   11    -0.2   30      0      7     28      1
2014 02   52.8   30.5   41.5  656.3    0.0    68.1   20    20.0   28      0      0     19      0
2014 03   59.6   35.6   47.5  542.2    0.0    75.3   31    25.2   14      0      0     12      0
2014 04   70.8   46.6   58.9  192.3   10.8    81.8   27    28.6   16      0      0      1      0
2014 05   77.5   53.5   65.2   85.9   91.6    85.9   25    38.5   17      0      0      0      0
2014 06   77.7   64.9   70.8    0.0   66.7    85.2   07    60.0   09      0      0      0      0
2014 07   82.8   62.9   72.2    0.0  223.3    89.8   02    50.5   30      0      0      0      0
2014 08   84.1   63.2   72.6    0.0  234.9    91.5   07    55.0   14      1      0      0      0
2014 09   78.9   61.8   69.8    8.5  143.0    86.8   02    47.2   23      0      0      0      0
2014 10   69.5   47.6   58.3  240.7   15.0    80.1   09    31.9   05      0      0      1      0
2014 11   53.4   32.5   43.4  673.0    0.0    68.4   24    12.5   19      0      1     17      0
2014 12   53.8   35.9   44.2  643.7    0.0    66.7   02    22.6   15      0      0     15      0
------------------------------------------------------------------------------------------------
          66.6   45.4   56.8 4088.6  785.1    91.5  Aug    -0.2  Jan      1      8     93      1


                  PRECIPITATION (in)

                  MAX         ---DAYS OF RAIN---
                  OBS.               OVER
 YR  MO  TOTAL    DAY  DATE   0.01   0.10   1.00
------------------------------------------------
2014 01   3.69   1.33    11     10      8      1
2014 02   4.91   1.15    21     18      9      1
2014 03   3.69   1.29    16     11      6      1
2014 04   5.52   2.89    07     13      8      1
2014 05   3.42   1.55    14     10      6      1
2014 06   2.11   0.69    10      5      4      0
2014 07   1.64   0.47    15     12      6      0
2014 08   3.42   0.82    20     13      7      0
2014 09   3.05   2.33    03     12      4      1
2014 10   4.18   1.29    14     12      6      1
2014 11   3.26   1.55    17      6      4      1
2014 12   5.09   1.31    23     15      9      2
------------------------------------------------
         43.98   2.89   Apr    137     77     10


           WIND SPEED (mph)

                                DOM
 YR  MO    AVG     HI   DATE    DIR
-----------------------------------
2014 01    0.6   25.0     02    309 
2014 02    0.5   19.0     06    325 
2014 03    0.6   26.0     25    325 
2014 04    0.5   23.0     15     90 
2014 05    0.2   15.0     03    352 
2014 06    0.2   15.0     10     60 
2014 07    0.2   15.0     03    345 
2014 08    0.2   17.0     20    334 
2014 09    0.1   14.0     22    340 
2014 10    0.3   22.0     31      2 
2014 11    0.5   21.0     01    323 
2014 12    0.4   20.0     06    328 
-----------------------------------
           0.4   26.0    Mar    333