Report for 2014 January
                   MONTHLY CLIMATOLOGICAL SUMMARY for Jan 2014


NAME: Ellijay, GA                  
ELEV: 1480 feet    LAT: 34-38.16 N    LONG: 084-27.00 W


                   TEMPERATURE (°F), RAIN (in), WIND SPEED (mph)

                                         HEAT   COOL         AVG
      MEAN                               DEG    DEG          WIND                   DOM
DAY   TEMP   HIGH   TIME    LOW   TIME   DAYS   DAYS   RAIN  SPEED   HIGH   TIME    DIR
---------------------------------------------------------------------------------------
 01   36.6   49.0  14:42   26.7  07:55   28.4    0.0   0.00    0.1    6.0  13:28    119
 02   38.2   46.0  14:25   22.0  23:46   26.8    0.0   0.62    1.2   25.0  23:42    296
 03   22.7   32.0  16:09   16.7  06:53   42.3    0.0   0.00    1.2   21.0  00:51    319
 04   32.5   39.9  23:59   18.5  00:22   32.5    0.0   0.00    1.1   12.0  03:36    122
 05   45.4   52.3  17:23   39.3  02:43   19.6    0.0   0.14    0.5   13.0  22:08    123
 06   19.6   47.1  00:01    7.2  23:49   45.4    0.0   0.11    2.2   20.0  13:52    293
 07   10.9   21.3  15:00    2.4  07:00   54.1    0.0   0.00    0.9   14.0  02:28    314
 08   25.6   46.2  15:16    8.9  06:54   39.4    0.0   0.00    0.1    7.0  12:43    318
 09   39.1   50.5  12:55   28.4  08:33   25.9    0.0   0.03    0.4    9.0  23:53    122
 10   48.7   52.7  14:55   42.6  00:22   16.3    0.0   0.58    0.4    8.0  12:36    122
 11   53.9   58.9  06:55   43.3  23:58   11.1    0.0   1.33    0.8   15.0  06:52    104
 12   40.6   53.8  15:16   29.8  07:51   24.4    0.0   0.00    0.1    7.0  13:27    324
 13   40.3   52.3  14:47   30.1  04:24   24.7    0.0   0.40    0.1    8.0  15:14    115
 14   44.8   53.0  15:18   31.2  23:57   20.2    0.0   0.29    0.4   15.0  11:19    305
 15   35.4   43.3  12:06   27.1  23:18   29.6    0.0   0.00    0.7   18.0  18:52    310
 16   29.1   40.0  15:04   20.4  08:08   35.9    0.0   0.00    0.2    7.0  12:32    323
 17   33.0   45.4  14:22   23.6  07:51   32.0    0.0   0.00    0.8   20.0  21:41    298
 18   29.3   37.3  16:14   20.8  08:10   35.7    0.0   0.00    0.5   13.0  02:58    300
 19   35.3   46.5  14:09   26.9  23:52   29.7    0.0   0.00    0.3   11.0  12:01    308
 20   36.3   56.4  14:22   21.7  07:53   28.7    0.0   0.00    0.1    7.0  14:46    316
 21   31.2   43.9  10:29   20.0  23:58   33.8    0.0   0.00    1.5   19.0  15:26    297
 22   19.6   29.0  14:21   11.2  07:50   45.4    0.0   0.00    0.7   11.0  00:45    314
 23   20.8   31.0  12:08   12.4  07:44   44.2    0.0   0.00    1.1   15.0  11:19    311
 24   17.1   30.8  15:44    6.5  07:50   47.9    0.0   0.00    0.4   11.0  00:43    314
 25   22.2   36.0  16:33    7.3  03:15   42.8    0.0   0.00    0.2    8.0  15:07    337
 26   32.4   51.8  16:03   15.3  07:04   32.6    0.0   0.00    0.2    8.0  11:20     27
 27   38.8   53.3  14:01   26.0  23:57   26.2    0.0   0.00    1.1   17.0  23:44    310
 28   22.2   25.9  00:01   18.6  23:58   42.8    0.0   0.00    1.0   14.0  00:07    312
 29   17.6   29.1  14:34    8.1  23:59   47.4    0.0   0.00    1.1   21.0  06:44    316
 30   19.3   39.1  15:43   -0.2  07:40   45.7    0.0   0.07    0.1    7.0  15:00     63
 31   30.6   50.4  16:15   14.4  07:51   34.4    0.0   0.12    0.1    6.0  12:24    328
---------------------------------------------------------------------------------------
      31.2   58.9     11   -0.2     30 1046.0    0.0   3.69    0.6   25.0     02    309