Report for 2014 February
                   MONTHLY CLIMATOLOGICAL SUMMARY for Feb 2014


NAME: Ellijay, GA                  
ELEV: 1480 feet    LAT: 34-38.16 N    LONG: 084-27.00 W


                   TEMPERATURE (°F), RAIN (in), WIND SPEED (mph)

                                         HEAT   COOL         AVG
      MEAN                               DEG    DEG          WIND                   DOM
DAY   TEMP   HIGH   TIME    LOW   TIME   DAYS   DAYS   RAIN  SPEED   HIGH   TIME    DIR
---------------------------------------------------------------------------------------
 01   37.2   57.8  13:50   21.9  07:34   27.8    0.0   0.02    0.1    8.0  14:37    132
 02   47.3   62.7  16:40   29.6  05:31   17.7    0.0   0.70    0.1    6.0  18:36     86
 03   48.2   61.5  03:04   36.2  21:03   16.8    0.0   0.83    0.6   15.0  07:20    312
 04   42.2   50.7  11:31   31.5  04:50   22.8    0.0   0.01    1.4   15.0  13:48    123
 05   41.1   49.2  05:32   28.8  23:53   23.9    0.0   0.33    1.3   15.0  15:22    300
 06   31.0   38.5  15:57   26.7  03:38   34.0    0.0   0.00    1.5   19.0  00:33    316
 07   33.6   46.7  15:17   22.9  07:45   31.4    0.0   0.00    0.3    8.0  13:58    321
 08   39.0   50.0  13:25   30.5  22:48   26.0    0.0   0.00    0.1    7.0  15:59    326
 09   39.2   51.6  15:10   29.0  02:20   25.8    0.0   0.00    0.2   14.0  14:40    314
 10   37.2   42.7  13:32   30.8  01:51   27.8    0.0   0.01    0.4   11.0  13:55    310
 11   35.0   37.4  16:47   33.0  23:52   30.0    0.0   0.32    0.2    8.0  22:52    112
 12   31.5   33.2  17:13   28.5  08:49   33.5    0.0   0.10    1.0   14.0  06:45    121
 13   32.8   39.2  16:44   27.5  23:54   32.2    0.0   0.37    0.3   12.0  13:35    308
 14   36.7   49.8  14:36   22.9  07:19   28.3    0.0   0.58    0.2    9.0  20:40    340
 15   34.4   40.7  02:12   29.6  20:34   30.6    0.0   0.08    1.1   17.0  03:00    295
 16   41.0   55.7  14:40   28.1  07:37   24.0    0.0   0.01    0.5   12.0  13:46    308
 17   41.6   59.3  15:32   28.6  07:23   23.4    0.0   0.28    0.5    9.0  09:57    123
 18   50.4   64.7  16:14   33.5  07:59   14.6    0.0   0.01    0.1    7.0  21:25     71
 19   60.4   66.6  15:16   53.0  23:29    4.6    0.0   0.02    0.0    7.0  01:14    127
 20   61.6   68.1  12:43   51.9  02:14    3.4    0.0   0.05    0.0    0.0  00:01     90
 21   49.8   64.5  02:26   32.1  23:40   15.2    0.0   1.15    0.0    0.0  00:01     90
 22   45.1   65.0  14:45   30.8  04:07   19.9    0.0   0.00    0.2    6.0  13:26     45
 23   48.8   67.2  14:50   32.3  07:32   16.2    0.0   0.00    0.2    8.0  15:24     35
 24   46.9   58.4  13:54   34.6  23:58   18.1    0.0   0.00    1.0   15.0  05:10    318
 25   44.1   57.2  14:41   32.5  01:39   20.9    0.0   0.04    0.4   10.0  15:32    311
 26   37.0   44.3  14:51   26.5  23:52   28.0    0.0   0.00    1.4   16.0  07:08    319
 27   31.6   44.7  14:30   21.7  07:34   33.4    0.0   0.00    0.8   14.0  17:02    314
 28   39.0   51.2  14:54   20.0  07:12   26.0    0.0   0.00    1.0   11.0  13:01    120
---------------------------------------------------------------------------------------
      41.5   68.1     20   20.0     28  656.3    0.0   4.91    0.5   19.0     06    325