Report for 2014 March
                   MONTHLY CLIMATOLOGICAL SUMMARY for Mar 2014


NAME: Ellijay, GA                  
ELEV: 1480 feet    LAT: 34-38.16 N    LONG: 084-27.00 W


                   TEMPERATURE (°F), RAIN (in), WIND SPEED (mph)

                                         HEAT   COOL         AVG
      MEAN                               DEG    DEG          WIND                   DOM
DAY   TEMP   HIGH   TIME    LOW   TIME   DAYS   DAYS   RAIN  SPEED   HIGH   TIME    DIR
---------------------------------------------------------------------------------------
 01   47.4   53.7  16:01   40.6  01:45   17.6    0.0   0.01    0.2    8.0  00:34    129
 02   56.6   69.8  14:33   45.8  02:42    8.4    0.0   0.00    0.3   10.0  14:11     91
 03   45.5   60.8  00:44   30.6  19:28   19.5    0.0   0.53    0.9   15.0  19:12    312
 04   37.3   45.9  15:28   30.7  00:12   27.7    0.0   0.00    0.3    8.0  11:23    117
 05   43.2   58.0  15:33   29.3  06:27   21.8    0.0   0.00    0.2    9.0  15:36    335
 06   42.0   51.0  13:59   37.9  04:08   23.0    0.0   0.07    0.7   12.0  07:18    122
 07   44.5   57.2  15:29   36.8  23:59   20.5    0.0   0.40    0.2    7.0  15:34    313
 08   47.3   64.1  15:18   30.8  07:06   17.7    0.0   0.00    0.3    8.0  11:22    328
 09   48.8   65.0  14:39   34.3  07:59   16.2    0.0   0.00    0.4   12.0  14:15    301
 10   51.1   68.7  16:35   34.0  06:09   13.9    0.0   0.00    0.3   11.0  11:26    308
 11   54.3   72.5  16:56   35.1  08:12   10.7    0.0   0.00    0.2   10.0  14:23    332
 12   53.1   67.5  13:48   36.6  23:55   11.9    0.0   0.16    1.7   21.0  14:07    309
 13   37.8   47.7  17:01   29.2  23:59   27.2    0.0   0.00    1.7   18.0  09:06    312
 14   44.9   61.7  16:48   25.2  08:13   20.1    0.0   0.00    0.4    9.0  21:31    123
 15   53.6   66.6  15:23   39.1  08:26   11.4    0.0   0.00    0.3    8.0  12:23    324
 16   50.7   52.4  17:48   48.1  05:33   14.3    0.0   1.29    0.6   12.0  09:56    118
 17   46.9   52.4  02:03   41.0  23:26   18.1    0.0   0.93    0.3    7.0  08:00    119
 18   44.8   52.9  16:26   38.9  07:17   20.2    0.0   0.00    1.0   14.0  19:10    122
 19   47.7   52.6  11:50   42.8  23:58   17.3    0.0   0.00    0.5   13.0  03:29    120
 20   48.6   62.5  13:54   36.0  23:59   16.4    0.0   0.00    0.7   13.0  14:19    317
 21   47.1   65.6  16:40   28.0  07:55   17.9    0.0   0.00    0.3    7.0  13:58    125
 22   54.6   72.0  16:54   36.9  07:45   10.4    0.0   0.00    0.1   11.0  14:50    325
 23   49.5   56.5  13:52   43.4  23:56   15.5    0.0   0.05    1.1   17.0  16:28    316
 24   45.0   58.0  16:15   27.9  07:19   20.0    0.0   0.00    0.5   13.0  00:15    322
 25   39.5   44.7  00:01   32.0  00:00   25.5    0.0   0.01    1.6   26.0  14:28    302
 26   36.0   48.8  15:45   27.1  07:43   29.0    0.0   0.00    1.0   16.0  07:24    323
 27   46.4   63.0  16:22   27.5  02:38   18.6    0.0   0.00    0.6   13.0  11:23    122
 28   55.7   59.1  18:09   49.8  05:21    9.3    0.0   0.17    0.3   14.0  06:40    112
 29   54.1   60.6  13:23   41.1  23:59   10.9    0.0   0.07    0.5   16.0  19:10    306
 30   47.1   59.8  17:56   37.7  07:59   17.9    0.0   0.00    1.4   19.0  13:26    311
 31   51.7   75.3  14:23   29.2  07:21   13.3    0.0   0.00    0.2    9.0  15:19    324
---------------------------------------------------------------------------------------
      47.5   75.3     31   25.2     14  542.2    0.0   3.69    0.6   26.0     25    325