Report for 2014 April
                   MONTHLY CLIMATOLOGICAL SUMMARY for Apr 2014


NAME: Ellijay, GA                  
ELEV: 1480 feet    LAT: 34-38.16 N    LONG: 084-27.00 W


                   TEMPERATURE (°F), RAIN (in), WIND SPEED (mph)

                                         HEAT   COOL         AVG
      MEAN                               DEG    DEG          WIND                   DOM
DAY   TEMP   HIGH   TIME    LOW   TIME   DAYS   DAYS   RAIN  SPEED   HIGH   TIME    DIR
---------------------------------------------------------------------------------------
 01   59.1   78.7  16:44   40.6  04:17    5.9    0.0   0.00    0.2    8.0  16:04    338
 02   60.8   79.9  15:05   40.2  07:34    4.2    0.0   0.00    0.2    9.0  16:22    339
 03   64.7   77.6  17:08   53.5  07:50    0.3    0.0   0.00    0.3    9.0  12:56    100
 04   60.3   66.0  13:22   52.7  05:26    4.7    0.0   0.03    0.2   13.0  15:07     90
 05   53.7   64.0  16:15   44.5  08:02   11.3    0.0   0.00    0.8   14.0  07:28    321
 06   52.2   60.9  13:08   43.8  07:08   12.8    0.0   0.10    1.0   13.0  11:01    121
 07   52.8   58.7  19:55   47.8  05:17   12.2    0.0   2.89    0.6   14.0  01:10    125
 08   52.0   59.2  15:20   45.1  06:40   13.0    0.0   0.01    0.0    0.0  00:01     90
 09   51.8   63.9  17:03   41.1  08:06   13.2    0.0   0.03    0.7   14.0  12:53    310
 10   53.8   71.9  15:35   33.0  07:37   11.2    0.0   0.00    0.2    9.0  12:25    111
 11   56.6   71.1  16:41   40.4  07:23    8.4    0.0   0.00    0.3    8.0  15:33     70
 12   63.0   79.1  14:51   45.0  07:34    2.0    0.0   0.00    0.2    9.0  14:27     88
 13   66.3   78.5  16:30   49.9  07:34    0.0    1.3   0.00    0.6   15.0  15:39    116
 14   64.1   70.9  00:16   60.2  14:06    0.9    0.0   0.43    0.3   11.0  02:19    116
 15   48.0   62.5  00:01   36.5  23:45   17.0    0.0   0.47    2.0   23.0  18:50    315
 16   45.9   61.0  16:50   28.6  07:00   19.1    0.0   0.00    1.3   17.0  03:14    112
 17   53.5   65.0  17:32   42.6  07:37   11.5    0.0   0.00    1.6   13.0  08:38    124
 18   54.5   59.9  14:38   50.7  23:38   10.5    0.0   0.26    0.3   10.0  05:13    126
 19   57.0   65.0  13:09   50.0  04:15    8.0    0.0   0.05    0.3   12.0  15:16    313
 20   60.7   76.2  17:11   44.9  07:26    4.3    0.0   0.00    0.3    9.0  14:27    329
 21   61.1   76.4  16:03   41.7  07:27    3.9    0.0   0.00    0.3    7.0  11:32    358
 22   59.5   70.1  16:13   47.8  07:05    5.5    0.0   0.02    0.2   10.0  13:04    319
 23   61.9   74.8  16:51   48.7  06:08    3.1    0.0   0.00    0.7   13.0  09:25    322
 24   61.1   76.2  17:09   40.0  05:44    3.9    0.0   0.00    0.7   15.0  10:21    118
 25   67.2   74.8  15:41   56.2  00:00    0.0    2.2   0.00    0.6   16.0  14:55    308
 26   61.9   79.9  16:37   43.7  07:35    3.1    0.0   0.00    0.2    8.0  15:34     97
 27   63.8   81.8  15:15   47.4  07:13    1.2    0.0   0.19    0.2    8.0  18:06    107
 28   67.6   76.1  17:37   59.4  03:20    0.0    2.6   0.00    0.4   12.0  23:33    111
 29   69.6   75.2  16:15   62.9  08:08    0.0    4.6   0.88    0.0    9.0  00:06    127
 30   63.9   68.7  11:38   58.4  23:59    1.1    0.0   0.16    0.0    0.0  00:01     90
---------------------------------------------------------------------------------------
      58.9   81.8     27   28.6     16  192.3   10.8   5.52    0.5   23.0     15     90