Report for 2014 May
                   MONTHLY CLIMATOLOGICAL SUMMARY for May 2014


NAME: Ellijay, GA                  
ELEV: 1480 feet    LAT: 34-38.16 N    LONG: 084-27.00 W


                   TEMPERATURE (°F), RAIN (in), WIND SPEED (mph)

                                         HEAT   COOL         AVG
      MEAN                               DEG    DEG          WIND                   DOM
DAY   TEMP   HIGH   TIME    LOW   TIME   DAYS   DAYS   RAIN  SPEED   HIGH   TIME    DIR
---------------------------------------------------------------------------------------
 01   56.3   63.8  16:42   46.2  00:00    8.7    0.0   0.00    0.5    9.0  10:50    326
 02   54.4   67.9  16:24   41.6  06:04   10.6    0.0   0.00    0.3   12.0  14:18    333
 03   57.1   73.1  16:21   38.9  07:01    7.9    0.0   0.00    0.6   15.0  12:01    319
 04   63.3   82.1  16:24   43.9  07:14    1.7    0.0   0.00    0.4   10.0  17:16    330
 05   66.6   84.7  16:18   49.3  06:31    0.0    1.6   0.00    0.4    9.0  15:35    340
 06   66.9   84.0  16:20   49.7  07:11    0.0    1.9   0.00    0.2    8.0  15:13      1
 07   67.5   83.6  16:18   51.3  07:11    0.0    2.5   0.00    0.2    7.0  13:43     67
 08   68.0   83.5  14:40   51.8  06:39    0.0    3.0   0.00    0.2    8.0  11:36     78
 09   66.8   76.7  13:50   62.1  23:58    0.0    1.8   0.49    0.1   10.0  15:02     89
 10   63.3   67.0  18:45   59.9  23:38    1.7    0.0   0.28    0.0    4.0  14:45      8
 11   69.3   80.9  16:19   60.0  00:01    0.0    4.3   0.00    0.1    6.0  13:11    351
 12   71.9   84.1  16:19   60.1  06:52    0.0    6.9   0.00    0.1    7.0  12:32     46
 13   71.8   83.4  14:00   61.2  06:41    0.0    6.8   0.00    0.1    6.0  16:57     67
 14   68.4   78.0  13:14   58.7  05:16    0.0    3.4   1.55    0.6    8.0  14:25    114
 15   57.8   63.0  06:33   46.2  23:56    7.2    0.0   0.15    0.5   13.0  15:45    317
 16   50.9   63.4  16:28   39.5  06:50   14.1    0.0   0.01    0.5   14.0  16:19    335
 17   48.7   57.2  18:13   38.5  04:27   16.3    0.0   0.04    0.0    5.0  12:17    318
 18   54.6   59.4  19:08   51.9  06:46   10.4    0.0   0.60    0.0    2.0  02:02     21
 19   58.9   70.8  14:55   46.9  07:28    6.1    0.0   0.00    0.1    6.0  14:16     14
 20   63.9   79.4  16:30   49.9  04:28    1.1    0.0   0.00    0.2    7.0  15:48     40
 21   67.2   81.2  17:07   52.5  06:26    0.0    2.2   0.00    0.3    9.0  17:30      1
 22   69.5   83.9  16:37   55.2  06:53    0.0    4.5   0.00    0.3   12.0  13:52    326
 23   72.2   84.8  16:45   59.7  06:44    0.0    7.2   0.00    0.4    9.0  10:42    327
 24   70.3   82.6  16:13   59.4  06:33    0.0    5.3   0.00    0.1   12.0  15:32    339
 25   70.2   85.9  16:13   58.3  07:05    0.0    5.2   0.01    0.1    8.0  15:40    355
 26   69.1   81.2  16:17   59.3  06:43    0.0    4.1   0.28    0.0    6.0  14:45      9
 27   71.1   82.9  16:36   60.7  06:51    0.0    6.1   0.00    0.1    6.0  16:31    349
 28   72.2   85.1  16:35   60.5  06:46    0.0    7.2   0.00    0.1    6.0  12:54     10
 29   70.7   82.3  13:15   59.9  06:39    0.0    5.7   0.00    0.1    7.0  16:02    342
 30   70.3   82.3  12:38   62.0  05:14    0.0    5.3   0.00    0.1    7.0  13:50    334
 31   71.6   83.5  12:31   63.5  07:16    0.0    6.6   0.01    0.0    5.0  14:47     32
---------------------------------------------------------------------------------------
      65.2   85.9     25   38.5     17   85.9   91.6   3.42    0.2   15.0     03    352