Report for 2014 June
                   MONTHLY CLIMATOLOGICAL SUMMARY for Jun 2014


NAME: Ellijay, GA                  
ELEV: 1480 feet    LAT: 34-38.16 N    LONG: 084-27.00 W


                   TEMPERATURE (°F), RAIN (in), WIND SPEED (mph)

                                         HEAT   COOL         AVG
      MEAN                               DEG    DEG          WIND                   DOM
DAY   TEMP   HIGH   TIME    LOW   TIME   DAYS   DAYS   RAIN  SPEED   HIGH   TIME    DIR
---------------------------------------------------------------------------------------
 01   70.4   76.1  14:19   64.2  23:55    0.0    5.4   0.04    0.6    8.0  11:37    113
 02   68.6   76.8  16:00   61.6  23:56    0.0    3.6   0.00    0.2    5.0  11:13    103
 03   68.1   68.1  00:00   68.1  00:00    0.0    3.1   0.00    0.0    0.0  00:00     90
 04   72.7   83.9  13:36   60.2  06:53    0.0    7.7   0.00    0.1    6.0  10:46    347
 05   72.4   82.6  16:08   66.9  04:58    0.0    7.4   0.46    0.4   12.0  08:11    336
 06   70.1   70.1  00:00   70.1  00:00    0.0    5.1   0.00    0.0    0.0  00:00     90
 07   74.9   85.2  16:56   67.4  02:08    0.0    9.9   0.00    0.1    7.0  13:37    346
 08   71.3   82.1  16:43   63.5  06:53    0.0    6.3   0.31    0.3    9.0  13:52    330
 09   70.1   79.9  17:16   60.0  05:58    0.0    5.1   0.00    0.1    6.0  13:00    355
 10   68.7   81.0  15:38   63.0  06:17    0.0    3.7   0.69    0.2   15.0  17:10     82
 11   68.3   75.4  16:05   62.7  00:23    0.0    3.3   0.61    0.1    6.0  12:29    102
 12
 13
 14
 15
 16
 17
 18
 19
 20
 21
 22
 23
 24
 25
 26
 27
 28
 29
 30   71.0   71.0  00:00   71.0  00:00    0.0    6.0   0.00    0.0    0.0  00:00     90
---------------------------------------------------------------------------------------
      70.8   85.2     07   60.0     09    0.0   66.7   2.11    0.2   15.0     10     60