Report for 2014 July
                   MONTHLY CLIMATOLOGICAL SUMMARY for Jul 2014


NAME: Ellijay, GA                  
ELEV: 1480 feet    LAT: 34-38.16 N    LONG: 084-27.00 W


                   TEMPERATURE (°F), RAIN (in), WIND SPEED (mph)

                                         HEAT   COOL         AVG
      MEAN                               DEG    DEG          WIND                   DOM
DAY   TEMP   HIGH   TIME    LOW   TIME   DAYS   DAYS   RAIN  SPEED   HIGH   TIME    DIR
---------------------------------------------------------------------------------------
 01   76.4   87.5  16:40   66.3  06:20    0.0   11.4   0.00    0.1    7.0  11:59    339
 02   77.3   89.8  14:57   67.0  06:51    0.0   12.3   0.00    0.1    6.0  15:13    335
 03   73.9   84.4  14:34   64.4  23:41    0.0    8.9   0.00    0.6   15.0  17:50    322
 04   70.7   81.8  16:49   63.0  07:43    0.0    5.7   0.00    1.0   13.0  04:13    317
 05   70.5   81.8  16:32   57.5  06:42    0.0    5.5   0.00    0.9    7.0  10:50    109
 06   68.5   83.1  15:59   57.0  06:24    0.0    3.5   0.00    0.1    4.0  10:04    355
 07   73.1   85.8  16:01   61.3  06:40    0.0    8.1   0.00    0.2    7.0  11:24    351
 08   72.3   84.0  15:00   61.3  06:07    0.0    7.3   0.01    0.1    7.0  15:25     19
 09   75.1   83.8  16:38   68.8  06:46    0.0   10.1   0.01    0.1    6.0  13:41    353
 10   75.3   86.0  14:48   67.0  07:25    0.0   10.3   0.00    0.1    7.0  14:24    347
 11   74.3   87.2  13:42   65.2  06:40    0.0    9.3   0.09    0.1    5.0  13:29    322
 12   74.5   86.3  16:04   65.4  06:17    0.0    9.5   0.01    0.0    4.0  10:42    317
 13   76.3   88.2  16:54   65.8  07:05    0.0   11.3   0.00    0.0    5.0  14:22    343
 14   76.1   85.0  17:00   69.2  05:34    0.0   11.1   0.34    0.1    7.0  14:06    358
 15   71.3   81.4  16:32   64.1  00:00    0.0    6.3   0.47    0.1   10.0  16:49    334
 16   66.7   79.9  16:51   56.2  07:29    0.0    1.7   0.00    0.5   11.0  19:11    325
 17   66.6   79.5  16:05   52.3  06:06    0.0    1.6   0.00    0.1    4.0  11:06    102
 18   68.0   72.4  15:01   64.4  04:13    0.0    3.0   0.12    0.0    2.0  11:25    126
 19   67.3   71.3  17:49   63.9  07:50    0.0    2.3   0.27    0.1    5.0  14:52    121
 20   72.0   78.3  15:10   65.5  06:42    0.0    7.0   0.00    0.1    6.0  15:03    112
 21   74.3   80.4  16:21   69.8  06:59    0.0    9.3   0.03    0.0    3.0  15:00     90
 22   74.6   82.8  16:33   66.9  06:59    0.0    9.6   0.01    0.1    4.0  11:34     72
 23   74.5   85.1  13:29   66.4  07:15    0.0    9.5   0.00    0.1    7.0  14:08    339
 24   73.5   83.7  13:23   66.3  06:51    0.0    8.5   0.10    0.2    8.0  18:08    336
 25   72.0   84.0  16:32   62.1  07:01    0.0    7.0   0.00    0.1    6.0  15:59    341
 26   72.1   86.0  16:41   59.1  06:56    0.0    7.1   0.00    0.1    6.0  11:33    331
 27   76.1   89.2  16:41   63.6  06:49    0.0   11.1   0.00    0.2    9.0  18:07    350
 28   75.0   82.7  14:25   63.5  23:57    0.0   10.0   0.18    0.7   12.0  12:30    324
 29   67.1   79.0  14:23   56.3  07:22    0.0    2.1   0.00    0.5   11.0  16:44    324
 30   65.4   80.5  16:38   50.5  06:54    0.0    0.4   0.00    0.2    7.0  16:11    321
 31   67.5   76.5  14:51   58.8  04:02    0.0    2.5   0.00    0.1    6.0  13:13    321
---------------------------------------------------------------------------------------
      72.2   89.8     02   50.5     30    0.0  223.3   1.64    0.2   15.0     03    345