Report for 2014 August
                   MONTHLY CLIMATOLOGICAL SUMMARY for Aug 2014


NAME: Ellijay, GA                  
ELEV: 1480 feet    LAT: 34-38.16 N    LONG: 084-27.00 W


                   TEMPERATURE (°F), RAIN (in), WIND SPEED (mph)

                                         HEAT   COOL         AVG
      MEAN                               DEG    DEG          WIND                   DOM
DAY   TEMP   HIGH   TIME    LOW   TIME   DAYS   DAYS   RAIN  SPEED   HIGH   TIME    DIR
---------------------------------------------------------------------------------------
 01   70.4   79.8  13:02   64.9  06:22    0.0    5.4   0.05    0.0    4.0  13:50    323
 02   69.7   78.4  13:12   63.0  06:06    0.0    4.7   0.31    0.0    4.0  14:01    333
 03   70.9   84.2  16:33   61.7  07:08    0.0    5.9   0.00    0.3   10.0  11:50    322
 04   71.6   85.1  16:56   59.1  07:11    0.0    6.6   0.00    0.1    7.0  15:30    324
 05   70.7   85.6  16:33   58.4  07:09    0.0    5.7   0.00    0.2    8.0  16:10    327
 06   72.3   86.7  14:23   58.7  07:01    0.0    7.3   0.00    0.1    8.0  13:11    335
 07   74.9   91.5  14:50   64.4  06:58    0.0    9.9   0.02    0.2    8.0  14:45    326
 08   71.8   79.5  11:59   67.8  03:48    0.0    6.8   0.55    0.1    5.0  05:41    125
 09   74.6   84.7  16:45   67.1  07:33    0.0    9.6   0.00    0.1    5.0  16:07    332
 10   73.5   78.7  17:02   68.8  06:25    0.0    8.5   0.01    0.0    3.0  16:23     94
 11   74.4   80.9  17:21   68.4  06:55    0.0    9.4   0.00    0.0    3.0  15:10     26
 12   76.2   85.1  16:48   68.5  23:58    0.0   11.2   0.01    0.2    9.0  19:00    330
 13   69.6   79.1  16:07   59.0  07:20    0.0    4.6   0.00    0.6   11.0  17:11    327
 14   68.3   80.9  16:48   55.0  07:09    0.0    3.3   0.00    0.0    4.0  11:12    359
 15   69.8   83.6  14:42   57.2  07:22    0.0    4.8   0.00    0.1    8.0  13:44    334
 16   70.7   84.1  16:06   57.5  07:11    0.0    5.7   0.00    0.1    6.0  13:01    331
 17   74.0   87.3  14:43   60.6  07:06    0.0    9.0   0.00    0.5    9.0  18:14    342
 18   70.6   80.0  16:53   66.9  06:48    0.0    5.6   0.47    0.0    8.0  08:57    313
 19   73.5   83.2  16:21   67.8  02:14    0.0    8.5   0.08    0.2    7.0  11:59    350
 20   73.5   88.1  14:38   64.8  07:24    0.0    8.5   0.82    0.2   17.0  18:55    342
 21   74.6   88.2  14:52   63.2  07:15    0.0    9.6   0.01    0.2    9.0  13:02    334
 22   76.8   88.4  17:23   66.3  07:20    0.0   11.8   0.00    0.3    9.0  14:16    326
 23   76.4   87.9  12:51   66.5  07:14    0.0   11.4   0.00    0.2   12.0  16:39    323
 24   74.6   85.0  14:27   68.8  06:29    0.0    9.6   0.50    0.2    6.0  11:26    101
 25   72.2   80.6  16:35   64.9  06:34    0.0    7.2   0.00    0.0    4.0  10:32    251
 26   70.1   82.3  16:41   57.8  07:23    0.0    5.1   0.00    0.2    9.0  13:34    316
 27   71.2   83.9  17:22   60.1  07:39    0.0    6.2   0.00    0.1    7.0  14:28    333
 28   72.3   86.9  16:34   59.6  07:19    0.0    7.3   0.00    0.1    4.0  11:12    324
 29   73.7   89.1  15:06   60.7  07:38    0.0    8.7   0.00    0.0    5.0  14:55     68
 30   74.1   85.2  14:36   65.8  01:59    0.0    9.1   0.22    0.1    8.0  22:28     83
 31   72.8   83.7  16:35   65.9  06:43    0.0    7.8   0.37    0.0    5.0  17:00    332
---------------------------------------------------------------------------------------
      72.6   91.5     07   55.0     14    0.0  234.9   3.42    0.2   17.0     20    334