Report for 2014 September
                   MONTHLY CLIMATOLOGICAL SUMMARY for Sep 2014


NAME: Ellijay, GA                  
ELEV: 1480 feet    LAT: 34-38.16 N    LONG: 084-27.00 W


                   TEMPERATURE (°F), RAIN (in), WIND SPEED (mph)

                                         HEAT   COOL         AVG
      MEAN                               DEG    DEG          WIND                   DOM
DAY   TEMP   HIGH   TIME    LOW   TIME   DAYS   DAYS   RAIN  SPEED   HIGH   TIME    DIR
---------------------------------------------------------------------------------------
 01   74.9   85.9  14:49   67.2  07:52    0.0    9.9   0.00    0.0    0.0  00:01     90
 02   75.9   86.8  14:43   67.9  07:38    0.0   10.9   0.00    0.0    0.0  00:01     90
 03   73.4   84.3  15:26   68.6  06:57    0.0    8.4   2.33    0.0    1.0  00:12      5
 04   73.0   80.5  16:10   67.7  06:31    0.0    8.0   0.00    0.0    0.0  00:02     90
 05   73.4   81.4  12:29   68.3  07:37    0.0    8.4   0.14    0.0    1.0  15:29     90
 06   73.8   84.8  14:45   65.1  07:29    0.0    8.8   0.00    0.0    1.0  09:29     90
 07   72.6   83.6  12:34   66.0  07:38    0.0    7.6   0.03    0.0    1.0  10:07     90
 08   72.5   81.9  15:10   66.1  07:27    0.0    7.5   0.25    0.0    1.0  09:37     90
 09   72.1   80.9  15:29   64.6  06:05    0.0    7.1   0.02    0.0    4.0  09:33    330
 10   72.9   80.2  15:06   67.9  06:50    0.0    7.9   0.01    0.1    5.0  11:33     79
 11   75.4   83.4  16:11   69.5  02:28    0.0   10.4   0.15    0.0    0.0  00:03     90
 12   74.5   83.7  15:11   68.9  07:14    0.0    9.5   0.00    0.0    8.0  15:28    321
 13   71.7   80.0  15:16   64.7  23:56    0.0    6.7   0.00    0.5   11.0  19:15    322
 14   67.2   73.8  17:31   61.8  04:47    0.0    2.2   0.00    0.0    2.0  03:12    329
 15   68.9   75.8  15:37   62.7  03:08    0.0    3.9   0.00    0.0    3.0  14:04    336
 16   72.1   80.4  15:33   66.4  23:58    0.0    7.1   0.01    0.1   10.0  15:39    339
 17   66.7   75.3  14:24   59.2  23:56    0.0    1.7   0.00    0.1    8.0  15:27    352
 18   66.2   78.7  15:38   55.3  07:46    0.0    1.2   0.00    0.1    5.0  12:52    321
 19   68.1   78.4  14:55   58.0  07:25    0.0    3.1   0.00    0.2    5.0  11:32    110
 20   69.3   78.2  16:03   62.0  00:00    0.0    4.3   0.00    0.1    5.0  09:38    114
 21   67.9   81.0  15:29   55.4  07:42    0.0    2.9   0.01    0.1   10.0  12:25    345
 22   64.6   71.8  15:31   54.1  23:59    0.4    0.0   0.00    0.6   14.0  13:08    321
 23   59.9   73.1  16:34   47.2  07:36    5.1    0.0   0.00    0.1    5.0  11:37    109
 24   62.9   75.2  16:32   50.2  07:47    2.1    0.0   0.00    0.1    5.0  13:02    307
 25   66.3   76.4  15:34   55.7  03:56    0.0    1.3   0.00    0.1    8.0  13:40    306
 26   66.3   75.6  16:03   57.8  08:09    0.0    1.3   0.00    0.1    5.0  10:53     39
 27   65.6   72.0  15:36   60.0  23:52    0.0    0.6   0.00    0.0    4.0  10:29    148
 28   66.2   73.0  16:39   58.3  02:29    0.0    1.2   0.03    0.0    4.0  10:30    121
 29   66.1   72.2  17:54   61.3  23:56    0.0    1.1   0.06    0.1    5.0  14:00    308
 30   64.1   78.7  15:54   54.6  06:10    0.9    0.0   0.01    0.1    6.0  15:20    327
---------------------------------------------------------------------------------------
      69.8   86.8     02   47.2     23    8.5  143.0   3.05    0.1   14.0     22    340