Report for 2014 October
                   MONTHLY CLIMATOLOGICAL SUMMARY for Oct 2014


NAME: Ellijay, GA                  
ELEV: 1480 feet    LAT: 34-38.16 N    LONG: 084-27.00 W


                   TEMPERATURE (°F), RAIN (in), WIND SPEED (mph)

                                         HEAT   COOL         AVG
      MEAN                               DEG    DEG          WIND                   DOM
DAY   TEMP   HIGH   TIME    LOW   TIME   DAYS   DAYS   RAIN  SPEED   HIGH   TIME    DIR
---------------------------------------------------------------------------------------
 01   63.3   79.1  16:15   51.3  07:53    1.7    0.0   0.00    0.0    4.0  12:56    327
 02   65.7   79.8  14:53   54.0  07:23    0.0    0.7   0.00    0.0    4.0  12:27     55
 03   67.8   72.7  02:20   61.1  00:00    0.0    2.8   0.67    0.1    8.0  22:14     77
 04   51.4   60.9  00:02   39.7  23:59   13.6    0.0   0.00    0.8   18.0  10:24    328
 05   47.2   63.2  16:11   31.9  07:14   17.8    0.0   0.00    0.1    7.0  12:38    355
 06   54.6   70.8  14:40   43.8  07:45   10.4    0.0   0.04    0.1   12.0  16:08     93
 07   62.9   72.3  16:32   56.4  07:55    2.1    0.0   0.52    0.1    8.0  06:47     25
 08   66.6   76.3  16:50   60.1  06:18    0.0    1.6   0.45    0.1    9.0  07:00    335
 09   67.0   80.1  16:21   57.8  07:12    0.0    2.0   0.00    0.1    8.0  13:33    320
 10   68.6   80.0  14:39   62.4  07:19    0.0    3.6   0.03    0.1   13.0  19:09     34
 11   67.6   75.1  16:22   63.5  22:13    0.0    2.6   0.08    0.1    7.0  13:14    336
 12   66.1   72.0  17:08   62.2  23:57    0.0    1.1   0.84    0.1    7.0  22:39    125
 13   65.5   70.9  16:55   60.6  01:51    0.0    0.5   0.01    0.9    9.0  16:31    121
 14   64.9   69.4  02:41   54.1  00:00    0.1    0.0   1.29    1.2   12.0  11:13    116
 15   55.5   61.5  13:23   51.6  08:07    9.5    0.0   0.02    0.1   14.0  13:28     51
 16   53.8   58.8  17:10   46.7  23:51   11.2    0.0   0.00    0.1    9.0  13:09    332
 17   54.6   71.5  16:14   39.7  08:13   10.4    0.0   0.00    0.2    7.0  14:04      3
 18   56.4   66.4  14:49   46.2  08:08    8.6    0.0   0.00    0.8   12.0  20:00    303
 19   54.1   67.1  16:00   43.6  08:23   10.9    0.0   0.00    0.3   11.0  01:57    328
 20   53.0   66.7  15:54   40.6  08:13   12.0    0.0   0.00    0.1    9.0  14:24    356
 21   53.0   67.2  14:14   41.4  07:42   12.0    0.0   0.00    0.2   11.0  12:58    310
 22   51.8   62.0  14:49   42.9  07:52   13.2    0.0   0.00    1.1   13.0  16:09    314
 23   48.5   64.8  14:22   32.7  08:07   16.5    0.0   0.00    0.2   10.0  18:58    331
 24   52.6   68.5  14:16   42.2  06:50   12.4    0.0   0.00    0.1    5.0  14:26    323
 25   53.0   70.4  15:37   36.2  08:00   12.0    0.0   0.00    0.2    7.0  14:56    338
 26   58.7   78.0  15:21   43.6  08:10    6.3    0.0   0.00    0.1    8.0  12:05    310
 27   60.7   79.4  15:31   46.3  08:04    4.3    0.0   0.00    0.0    9.0  13:05    323
 28   60.3   70.9  14:55   50.6  08:18    4.7    0.0   0.00    0.1    6.0  13:54     46
 29   54.0   59.3  12:08   42.8  23:46   11.0    0.0   0.18    0.1    8.0  17:50    297
 30   46.8   62.2  15:19   34.7  08:07   18.2    0.0   0.00    0.2    8.0  13:14    320
 31   43.4   55.9  14:09   33.6  06:37   21.6    0.0   0.05    0.4   22.0  20:30    295
---------------------------------------------------------------------------------------
      58.3   80.1     09   31.9     05  240.7   15.0   4.18    0.3   22.0     31      2