Report for 2014 November
                   MONTHLY CLIMATOLOGICAL SUMMARY for Nov 2014


NAME: Ellijay, GA                  
ELEV: 1480 feet    LAT: 34-38.16 N    LONG: 084-27.00 W


                   TEMPERATURE (°F), RAIN (in), WIND SPEED (mph)

                                         HEAT   COOL         AVG
      MEAN                               DEG    DEG          WIND                   DOM
DAY   TEMP   HIGH   TIME    LOW   TIME   DAYS   DAYS   RAIN  SPEED   HIGH   TIME    DIR
---------------------------------------------------------------------------------------
 01   36.9   39.3  14:40   33.6  06:43   28.1    0.0   0.01    1.8   21.0  10:43    313
 02   39.2   51.9  15:25   28.0  06:23   25.8    0.0   0.00    1.1   15.0  14:45    316
 03   42.9   62.7  14:33   27.9  06:43   22.1    0.0   0.00    0.1    6.0  13:51    326
 04   48.2   66.6  14:35   34.6  07:31   16.8    0.0   0.00    0.1    4.0  11:14     68
 05   52.6   63.6  14:03   42.4  02:53   12.4    0.0   0.00    0.0    4.0  11:59     47
 06   56.5   65.8  14:50   47.2  23:47    8.5    0.0   0.21    0.5   13.0  14:04    330
 07   45.5   55.7  14:48   34.4  23:50   19.5    0.0   0.00    1.1   14.0  08:47    316
 08   43.1   58.7  13:49   30.1  06:46   21.9    0.0   0.00    0.1    5.0  11:20     63
 09   44.8   62.2  13:10   31.0  07:20   20.2    0.0   0.00    0.1    7.0  15:09    332
 10   47.6   66.3  15:09   30.8  06:54   17.4    0.0   0.00    0.1    5.0  14:33    105
 11   46.4   46.5  23:58   46.4  23:50   18.6    0.0   0.00    0.0    0.0  23:50     90
 12   47.4   49.0  01:53   46.5  00:01   17.6    0.0   0.00    0.0    0.0  00:01     90
 13   32.5   35.3  18:30   30.0  00:00   32.5    0.0   0.00    2.7   18.0  23:29    322
 14   30.5   39.2  14:14   24.3  07:23   34.5    0.0   0.00    1.9   19.0  09:57    316
 15   34.4   45.0  14:59   23.5  04:56   30.6    0.0   0.00    0.3    6.0  12:15    128
 16   44.8   53.5  12:37   38.3  06:56   20.2    0.0   0.56    0.3    7.0  00:26    124
 17   40.8   54.0  06:06   26.4  23:58   24.2    0.0   1.55    1.1   14.0  11:42    301
 18   24.7   30.8  14:34   16.3  23:56   40.3    0.0   0.00    0.8   13.0  00:03    308
 19   26.9   44.2  15:17   12.5  06:38   38.1    0.0   0.00    0.1    5.0  12:43    308
 20   37.9   53.0  15:19   26.1  00:08   27.1    0.0   0.00    0.2   11.0  13:36    314
 21   38.3   57.3  14:38   26.2  06:24   26.7    0.0   0.00    0.1    8.0  14:28    324
 22   47.2   59.0  15:01   29.5  01:17   17.8    0.0   0.00    0.8    9.0  22:43    124
 23   52.8   58.7  22:45   45.4  02:24   12.2    0.0   0.92    1.7   15.0  14:04    120
 24   58.7   68.4  14:46   43.0  23:58    6.3    0.0   0.00    0.0    0.0  00:01     90
 25   48.6   58.0  15:05   40.4  02:03   16.4    0.0   0.00    0.0    0.0  00:04     90
 26   44.1   50.5  13:00   36.7  08:11   20.9    0.0   0.00    0.0    0.0  00:02     90
 27   38.2   44.3  00:44   31.0  23:56   26.8    0.0   0.01    0.7   16.0  10:26    301
 28   33.4   45.8  15:07   26.0  07:33   31.6    0.0   0.00    0.3    8.0  01:23    327
 29   41.5   53.6  23:21   24.9  07:25   23.5    0.0   0.00    0.1    6.0  11:53    103
 30   50.6   64.2  15:13   42.0  23:59   14.4    0.0   0.00    0.1    8.0  13:15     40
---------------------------------------------------------------------------------------
      43.4   68.4     24   12.5     19  673.0    0.0   3.26    0.5   21.0     01    323