Report for 2014 December
                   MONTHLY CLIMATOLOGICAL SUMMARY for Dec 2014


NAME: Ellijay, GA                  
ELEV: 1480 feet    LAT: 34-38.16 N    LONG: 084-27.00 W


                   TEMPERATURE (°F), RAIN (in), WIND SPEED (mph)

                                         HEAT   COOL         AVG
      MEAN                               DEG    DEG          WIND                   DOM
DAY   TEMP   HIGH   TIME    LOW   TIME   DAYS   DAYS   RAIN  SPEED   HIGH   TIME    DIR
---------------------------------------------------------------------------------------
 01   49.8   63.6  15:04   41.0  01:17   15.2    0.0   0.00    0.1    4.0  12:07    340
 02   53.6   66.7  12:24   40.0  06:59   11.4    0.0   0.00    0.1    8.0  12:55    103
 03   55.8   63.9  14:52   47.8  23:52    9.2    0.0   0.00    0.0    7.0  11:37    334
 04   52.8   64.7  13:01   41.3  07:36   12.2    0.0   0.01    0.0    2.0  11:28    305
 05   54.2   57.7  14:35   51.5  23:10   10.8    0.0   0.02    0.3    7.0  00:26    125
 06   51.3   55.8  15:13   45.8  23:59   13.7    0.0   1.30    0.8   20.0  22:16    307
 07   44.4   55.3  14:35   35.2  08:04   20.6    0.0   0.00    0.7   15.0  00:35    323
 08   41.2   46.8  15:24   30.7  23:55   23.8    0.0   0.00    0.2    7.0  03:28    128
 09   38.2   49.2  12:50   30.1  00:56   26.8    0.0   0.01    0.8   14.0  10:41    305
 10   38.0   43.2  14:00   33.5  23:52   27.0    0.0   0.00    1.6   18.0  09:58    324
 11   37.1   47.3  15:07   30.5  07:15   27.9    0.0   0.00    1.0   15.0  01:35    313
 12   37.4   56.7  14:41   23.0  07:55   27.6    0.0   0.00    0.3   10.0  11:46    301
 13   37.6   59.0  14:16   24.1  07:32   27.4    0.0   0.00    0.2   12.0  11:27    302
 14   33.9   49.4  14:55   23.7  07:42   31.1    0.0   0.00    0.1    5.0  11:29    313
 15   41.0   61.0  15:05   22.6  07:33   24.0    0.0   0.10    0.2    4.0  12:19    324
 16   48.4   53.2  03:11   40.1  23:57   16.6    0.0   0.49    0.4   12.0  04:20    304
 17   39.4   47.4  14:59   30.9  05:02   25.6    0.0   0.00    0.6   13.0  10:46    317
 18   35.5   50.9  14:44   30.9  01:44   29.5    0.0   0.00    0.0    4.0  12:38    342
 19   41.9   50.9  13:51   28.6  07:41   23.1    0.0   0.00    0.7    6.0  12:21    314
 20   42.9   46.8  15:49   38.8  03:51   22.1    0.0   0.15    0.0    2.0  03:11    346
 21   46.4   50.8  14:33   43.3  07:54   18.6    0.0   0.00    0.5    9.0  20:27    127
 22   45.8   49.5  13:04   44.6  07:56   19.2    0.0   0.26    1.6   12.0  13:19    123
 23   48.8   52.6  22:32   45.2  01:12   16.2    0.0   1.31    1.0   12.0  14:01    126
 24   51.8   57.8  13:22   44.0  23:14   13.2    0.0   0.35    0.3   11.0  09:39    105
 25   39.9   49.0  15:18   29.6  23:59   25.1    0.0   0.03    0.2   10.0  03:27    316
 26   37.7   54.6  15:09   25.6  07:54   27.3    0.0   0.01    0.0    5.0  14:03    325
 27   43.9   57.2  15:27   31.9  02:53   21.1    0.0   0.03    0.0    3.0  13:41    323
 28   53.6   56.6  15:03   49.7  02:25   11.4    0.0   0.71    0.0    3.0  13:52    148
 29   52.5   57.7  14:46   49.7  08:06   12.5    0.0   0.31    0.0    7.0  15:06      3
 30   42.0   50.2  00:02   29.8  22:38   23.0    0.0   0.00    0.6   12.0  15:54    300
 31   34.8   43.4  15:19   28.9  22:38   30.2    0.0   0.00    0.1    5.0  13:22    309
---------------------------------------------------------------------------------------
      44.2   66.7     02   22.6     15  643.7    0.0   5.09    0.4   20.0     06    328