nws-alerts: Checking more than four warning/county codes can delay the loading of your pages. You should use a cron job to get the data.


Report for 2015
                     CLIMATOLOGICAL SUMMARY for year 2015


NAME: Ellijay, GA                  
ELEV: 1480 feet    LAT: 34-38.16 N    LONG: 084-27.00 W


                                       TEMPERATURE (F)

                              HEAT    COOL                              MAX    MAX    MIN    MIN
          MEAN   MEAN         DEG     DEG                                >=     <=     <=     <=
 YR  MO   MAX    MIN    MEAN  DAYS    DAYS      HI  DAY     LOW  DAY     90     32     32      0
------------------------------------------------------------------------------------------------
2015 01   48.8   28.7   38.4  770.1    0.0    62.2   20     6.8   08      0      1     21      0
2015 02   43.8   24.4   34.9  839.2    0.0    62.2   08     7.3   19      0      3     24      0
2015 03   61.9   41.1   49.3  373.9    0.0    79.8   16    21.3   29      0      0      6      0
2015 04   70.1   50.4   60.7  133.3   13.1    83.2   09    30.6   05      0      0      1      0
2015 05   78.6   56.1   66.8   32.3   86.2    83.9   10    39.3   02      0      0      0      0
2015 06   85.1   64.0   73.3    0.4  213.7    93.8   24    53.3   29      9      0      0      0
2015 07   87.1   68.2   76.3    0.0  225.8    90.8   19    63.5   16      5      0      0      0
2015 08   82.7   65.0   72.7    0.0  230.1    93.7   05    58.2   25      2      0      0      0
2015 09   78.1   60.9   68.7   10.8   99.0    87.8   04    48.5   13      0      0      0      0
2015 10   67.9   49.3   58.5  213.5    3.7    75.5   08    32.5   18      0      0      0      0
2015 11   62.7   44.9   53.3  307.6    5.4    76.3   06    25.1   23      0      0      5      0
2015 12   65.6   56.2   62.2   40.7    3.9    72.3   27    42.4   01      0      0      0      0
------------------------------------------------------------------------------------------------
          69.1   50.0   58.8 2721.9  880.9    93.8  Jun     6.8  Jan     16      4     57      0


                  PRECIPITATION (in)

                  MAX         ---DAYS OF RAIN---
                  OBS.               OVER
 YR  MO  TOTAL    DAY  DATE   0.01   0.10   1.00
------------------------------------------------
2015 01   3.14   1.45    04     11      4      1
2015 02   1.22   0.44    01      8      3      0
2015 03   1.55   0.32    28     12      7      0
2015 04   2.32   0.94    19      7      6      0
2015 05   0.08   0.08    07      1      0      0
2015 06   1.87   0.65    26      9      4      0
2015 07  16.63  14.65    13      9      7      1
2015 08   7.25   2.18    17     12      8      2
2015 09   2.16   1.02    25     12      5      1
2015 10   4.96   1.57    03     14     12      1
2015 11   6.54   2.13    18     12      7      3
2015 12 107.78 103.03    24      6      6      3
------------------------------------------------
        155.50 103.03   Dec    113     69     12


           WIND SPEED (mph)

                                DOM
 YR  MO    AVG     HI   DATE    DIR
-----------------------------------
2015 01    0.4   25.0     07    311 
2015 02    0.7   22.0     14    316 
2015 03    1.3   20.0     05    306 
2015 04    0.4   17.0     20     13 
2015 05    0.2   17.0     01    352 
2015 06    0.1   16.0     24    335 
2015 07    0.2   21.0     22    338 
2015 08    0.1   11.0     01    329 
2015 09    0.1   11.0     09    333 
2015 10    0.2   15.0     16     41 
2015 11    0.4   18.0     13    106 
2015 12    0.1   16.0     28    130 
-----------------------------------
           0.4   25.0    Jan    318