Report for 2015 January
                   MONTHLY CLIMATOLOGICAL SUMMARY for Jan 2015


NAME: Ellijay, GA                  
ELEV: 1480 feet    LAT: 34-38.16 N    LONG: 084-27.00 W


                   TEMPERATURE (°F), RAIN (in), WIND SPEED (mph)

                                         HEAT   COOL         AVG
      MEAN                               DEG    DEG          WIND                   DOM
DAY   TEMP   HIGH   TIME    LOW   TIME   DAYS   DAYS   RAIN  SPEED   HIGH   TIME    DIR
---------------------------------------------------------------------------------------
 01   36.6   47.2  16:07   25.9  07:05   28.4    0.0   0.27    0.0    4.0  11:08    304
 02   43.5   50.8  23:48   37.5  01:03   21.5    0.0   5.58    0.1    5.0  12:10      3
 03   52.9   60.3  22:58   50.2  08:54   12.1    0.0   5.04    0.2    8.0  02:54    122
 04   53.7   59.9  12:28   41.4  23:59   11.3    0.0  13.05    0.0    0.0  00:04     90
 05   35.5   42.2  14:44   27.4  23:30   29.5    0.0   0.00    0.0    0.0  00:04     90
 06   34.0   46.4  14:45   23.5  06:49   31.0    0.0   0.00    0.4   11.0  11:53    324
 07   26.3   34.8  11:19   12.0  23:54   38.7    0.0   0.00    1.8   25.0  17:56    316
 08   18.1   31.1  15:24    6.8  07:42   46.9    0.0   0.00    0.5   13.0  00:40    310
 09   25.7   36.5  14:47   14.5  07:57   39.3    0.0   0.00    0.4   10.0  12:22    298
 10
 11   37.6   46.4  23:57   24.8  03:23   27.4    0.0   0.63    0.3    8.0  16:23    127
 12   48.6   51.0  16:54   46.3  03:27   16.4    0.0   2.97    0.0    5.0  00:17    356
 13   42.1   47.5  00:04   40.2  23:22   22.9    0.0   0.24    0.2    6.0  18:58    102
 14   38.4   43.9  14:32   30.0  23:53   26.6    0.0   0.00    0.0    4.0  13:06    317
 15   32.9   39.6  14:48   27.7  04:42   32.1    0.0   0.08    0.0    4.0  19:42    309
 16   36.9   50.5  15:41   28.4  23:42   28.1    0.0   0.00    0.6   13.0  10:22    310
 17   39.2   55.4  13:32   24.5  07:47   25.8    0.0   0.00    0.4   12.0  11:10    126
 18   43.5   53.8  14:52   29.6  23:57   21.5    0.0   0.00    0.5   14.0  12:47    300
 19   40.3   60.4  14:56   25.8  07:47   24.7    0.0   0.00    0.2   10.0  14:06    339
 20   44.0   62.2  14:31   29.2  07:52   21.0    0.0   0.00    0.1    6.0  14:16    338
 21   41.1   58.4  14:01   28.8  07:47   23.9    0.0   0.00    0.4   10.0  11:25    304
 22   39.1   52.2  16:13   26.9  05:31   25.9    0.0   0.00    0.0    4.0  12:16    309
 23
 24   37.2   42.8  15:33   28.1  23:59   27.8    0.0   0.08    0.9   16.0  07:37    301
 25   39.5   54.9  15:35   24.3  07:35   25.5    0.0   0.16    0.2    7.0  15:00    119
 26   38.0   44.6  00:11   32.3  19:34   27.0    0.0   0.08    0.8   16.0  14:27    297
 27   36.3   40.7  12:06   33.0  00:02   28.7    0.0   0.00    1.2   13.0  12:52    306
 28   36.5   50.4  15:45   28.6  07:34   28.5    0.0   0.00    0.6   13.0  03:01    325
 29   40.1   53.8  15:36   27.4  07:01   24.9    0.0   0.00    0.2   12.0  23:52    106
 30   38.9   46.9  00:02   32.8  23:29   26.1    0.0   0.00    1.9   20.0  03:09    311
 31   38.4   51.6  14:55   24.3  06:39   26.6    0.0   0.00    0.1    7.0  02:21    336
---------------------------------------------------------------------------------------
      38.3   62.2     20    6.8     08  770.1    0.0  28.18    0.4   25.0     07    312