Report for 2015 February
                   MONTHLY CLIMATOLOGICAL SUMMARY for Feb 2015


NAME: Ellijay, GA                  
ELEV: 1480 feet    LAT: 34-38.16 N    LONG: 084-27.00 W


                   TEMPERATURE (°F), RAIN (in), WIND SPEED (mph)

                                         HEAT   COOL         AVG
      MEAN                               DEG    DEG          WIND                   DOM
DAY   TEMP   HIGH   TIME    LOW   TIME   DAYS   DAYS   RAIN  SPEED   HIGH   TIME    DIR
---------------------------------------------------------------------------------------
 01   44.6   53.6  23:23   34.5  07:17   20.4    0.0   3.52    0.2   11.0  12:50    112
 02
 03   30.7   47.2  15:54   18.7  07:31   34.3    0.0   0.00    0.2    9.0  00:06    316
 04   36.2   50.7  14:40   23.4  07:05   28.8    0.0   0.00    0.1    5.0  15:16    188
 05   35.4   42.8  13:56   25.6  23:59   29.6    0.0   0.00    1.6   18.0  09:15    311
 06   30.8   48.2  15:15   15.9  07:17   34.2    0.0   0.00    0.1    5.0  11:01    333
 07   39.1   59.8  15:45   22.9  07:55   25.9    0.0   0.00    0.1    9.0  12:29    336
 08   46.9   62.2  15:29   28.3  06:51   18.1    0.0   0.00    0.1    9.0  15:21    114
 09   51.9   57.6  15:11   41.3  23:59   13.1    0.0   0.72    0.3   11.0  21:58    320
 10   38.7   47.7  14:37   29.4  23:33   26.3    0.0   0.00    1.7   16.0  01:00    311
 11   39.6   56.2  15:26   25.3  07:43   25.4    0.0   0.00    0.7    8.0  12:12    324
 12   30.8   40.3  11:26   24.0  00:00   34.2    0.0   0.00    1.7   21.0  16:34    308
 13   28.1   39.4  15:42   21.5  07:40   36.9    0.0   0.00    0.7   15.0  01:46    317
 14   35.8   54.0  16:09   17.6  07:28   29.2    0.0   0.00    1.0   22.0  20:52    297
 15   26.5   36.0  16:12   14.6  07:41   38.5    0.0   0.00    1.8   20.0  05:03    307
 16   33.3   35.7  23:59   29.7  00:22   31.7    0.0   0.00    0.5    8.0  05:56    114
 17   29.8   35.7  00:04   22.1  23:59   35.2    0.0   0.00    1.0   14.0  09:04    310
 18   22.4   31.8  14:08   15.8  06:24   42.6    0.0   0.00    1.3   22.0  16:34    310
 19   14.2   20.1  16:01    7.3  07:55   50.8    0.0   0.00    1.3   16.0  10:52    319
 20   21.0   32.0  14:02   10.3  01:28   44.0    0.0   0.00    0.3    6.0  02:54    110
 21   34.4   41.7  12:43   26.4  00:04   30.6    0.0   0.64    0.6    9.0  07:25    128
 22   45.5   52.4  14:08   40.7  00:03   19.5    0.0   0.00    0.0    5.0  00:23     31
 23   36.7   42.3  00:01   31.6  23:52   28.3    0.0   0.00    1.5   19.0  09:12    306
 24   31.0   33.4  15:18   26.9  00:00   34.0    0.0   0.24    0.0    4.0  15:28    309
 25   29.8   35.4  14:25   23.9  07:19   35.2    0.0   0.08    0.0    3.0  06:09    311
 26   32.5   36.8  16:32   28.6  07:04   32.5    0.0   1.12    0.1    6.0  16:07    344
 27   31.5   40.1  16:13   26.9  07:41   33.5    0.0   0.72    0.9   13.0  09:06    311
 28   38.5   48.8  16:18   26.4  00:59   26.5    0.0   2.72    1.4   11.0  08:51    120
---------------------------------------------------------------------------------------
      34.9   62.2     08    7.3     19  839.2    0.0   9.76    0.7   22.0     14    316