Report for 2015 March
                   MONTHLY CLIMATOLOGICAL SUMMARY for Mar 2015


NAME: Ellijay, GA                  
ELEV: 1480 feet    LAT: 34-38.16 N    LONG: 084-27.00 W


                   TEMPERATURE (°F), RAIN (in), WIND SPEED (mph)

                                         HEAT   COOL         AVG
      MEAN                               DEG    DEG          WIND                   DOM
DAY   TEMP   HIGH   TIME    LOW   TIME   DAYS   DAYS   RAIN  SPEED   HIGH   TIME    DIR
---------------------------------------------------------------------------------------
 01   44.6   50.0  14:38   37.0  04:01   20.4    0.0   0.56    0.4   11.0  00:15    118
 02   50.3   58.9  16:34   45.6  02:21   14.7    0.0   0.24    0.6   12.0  13:53    312
 03   51.1   57.7  23:51   46.7  00:05   13.9    0.0   2.08    0.0    5.0  10:08    157
 04   61.6   69.6  17:00   54.7  02:21    3.4    0.0   1.28    0.2    6.0  15:14    125
 05   40.7   61.3  00:01   26.3  23:52   24.3    0.0   0.00    1.4   20.0  18:15    311
 06   31.5   43.6  15:18   23.9  02:32   33.5    0.0   0.00    0.4   10.0  00:27    306
 07   38.0   57.1  14:44   22.0  06:38   27.0    0.0   0.00    0.3   11.0  16:00    321
 08   46.3   65.8  15:51   26.9  08:13   18.7    0.0   0.00    0.2    7.0  15:46    307
 09   52.7   64.4  16:13   45.3  08:09   12.3    0.0   0.00    0.1    6.0  12:52    333
 10   59.2   68.9  17:40   50.4  00:11    5.8    0.0   0.36    0.3    8.0  04:52    126
 11   60.4   65.9  17:46   55.5  23:58    4.6    0.0   0.65    0.0    5.0  16:51    328
 12   58.3   66.0  12:35   48.8  08:09    6.7    0.0   0.00    0.4   12.0  23:33    127
 13   51.0   57.0  00:38   45.4  12:36   14.0    0.0   0.10    2.5   15.0  01:09    123
 14   54.4   57.8  18:16   50.2  00:03   10.6    0.0   0.30    0.2   13.0  02:58    119
 15   58.7   73.1  17:46   44.0  23:57    6.3    0.0   0.00    0.8   14.0  11:15    304
 16   54.2   79.8  15:51   32.1  08:09   10.8    0.0   0.00    0.2    9.0  12:45    310
 17   59.3   76.4  16:36   40.9  05:28    5.7    0.0   0.00    0.4   19.0  13:05    305
 18   59.1   69.8  16:05   47.8  08:14    5.9    0.0   0.00    0.3   11.0  02:03    324
 19
 20   51.8   57.4  15:23   47.4  05:00   13.2    0.0   0.28    0.0    5.0  01:39    140
 21   57.2   69.0  15:27   49.6  08:16    7.8    0.0   0.00    0.2    8.0  12:42    327
 22   52.4   53.2  00:04   51.7  03:05   12.6    0.0   0.00    0.0    0.0  00:04     90
 23
 24
 25
 26   53.1   53.1  00:00   53.1  00:00   11.9    0.0   0.00    3.0    7.0  00:00    315
 27   45.9   53.0  00:01   38.8  23:00   19.1    0.0   0.34    3.9   15.0  05:40    304
 28   38.1   47.7  14:31   28.5  00:00   26.9    0.0   0.64    3.3   13.0  09:33    305
 29   42.2   57.1  17:19   21.3  07:46   22.8    0.0   0.00    0.2    6.0  13:23    110
 30   54.0   64.5  16:44   43.4  23:56   11.0    0.0   0.02    0.7   15.0  05:06    323
 31   54.7   73.9  16:13   33.5  07:04   10.3    0.0   0.00    0.2   12.0  15:28    333
---------------------------------------------------------------------------------------
      49.1   79.8     16   21.3     29  373.9    0.0   6.85    0.9   20.0     05    307