Report for 2015 April
                   MONTHLY CLIMATOLOGICAL SUMMARY for Apr 2015


NAME: Ellijay, GA                  
ELEV: 1480 feet    LAT: 34-38.16 N    LONG: 084-27.00 W


                   TEMPERATURE (°F), RAIN (in), WIND SPEED (mph)

                                         HEAT   COOL         AVG
      MEAN                               DEG    DEG          WIND                   DOM
DAY   TEMP   HIGH   TIME    LOW   TIME   DAYS   DAYS   RAIN  SPEED   HIGH   TIME    DIR
---------------------------------------------------------------------------------------
 01
 02   57.5   63.7  14:59   46.8  02:21    7.5    0.0   0.00    0.3    8.0  05:32    131
 03   66.1   79.3  16:40   52.8  08:03    0.0    1.1   0.00    0.4   11.0  15:05    113
 04   55.1   62.7  00:52   41.6  23:57    9.9    0.0   0.00    1.5   16.0  14:25    311
 05   50.9   65.5  17:11   30.6  06:54   14.1    0.0   0.00    0.7   16.0  10:39    129
 06   57.0   61.1  15:06   50.1  08:55    8.0    0.0   0.00    0.1    8.0  16:06    117
 07   64.5   73.1  17:08   58.8  00:03    0.5    0.0   0.00    0.0    1.0  09:36     90
 08   67.2   82.3  16:48   52.1  07:51    0.0    2.2   0.00    0.1   10.0  17:49    331
 09   69.4   83.2  13:08   54.4  07:37    0.0    4.4   0.00    0.4   11.0  14:49     86
 10   66.1   70.8  18:05   58.7  23:57    0.0    1.1   0.00    0.1    9.0  15:55    321
 11   62.3   74.8  17:06   50.6  23:58    2.7    0.0   0.00    0.8   12.0  13:45    318
 12   59.4   72.2  16:12   43.4  06:30    5.6    0.0   0.00    0.2    8.0  11:16    128
 13   64.0   68.0  11:42   59.7  04:20    1.0    0.0   0.00    0.6   10.0  11:42    126
 14   67.9   76.0  16:32   63.5  01:06    0.0    2.9   0.00    0.1   10.0  14:07    310
 15   62.7   67.4  13:59   54.9  23:26    2.3    0.0   0.00    0.3   11.0  22:31    133
 16   55.8   59.6  13:19   53.7  07:53    9.2    0.0   0.40    1.0   13.0  06:28    126
 17   59.4   63.8  17:03   54.7  03:15    5.6    0.0   0.52    0.0    6.0  00:44    137
 18   65.4   74.0  13:23   58.1  07:12    0.0    0.4   0.02    0.1    8.0  15:39    119
 19   65.5   69.8  18:15   62.5  12:39    0.0    0.5   1.88    0.1    8.0  10:28    116
 20   63.0   73.2  14:06   55.8  23:59    2.0    0.0   0.52    0.4   17.0  05:54    339
 21   54.4   65.0  17:12   41.3  07:21   10.6    0.0   0.00    0.4   12.0  13:42    328
 22   56.7   74.2  15:59   37.6  07:01    8.3    0.0   0.52    0.5   14.0  16:29    331
 23   56.8   66.8  14:10   46.8  07:48    8.2    0.0   0.00    0.6   14.0  10:34    312
 24
 25   62.1   72.4  16:37   53.0  03:34    2.9    0.0   0.78    0.1    8.0  17:22     72
 26   65.5   74.4  13:08   53.9  23:56    0.0    0.5   0.00    0.9   14.0  15:09    316
 27   56.6   67.6  16:45   44.0  07:33    8.4    0.0   0.00    0.7   13.0  14:04    314
 28   57.1   72.3  16:39   40.0  07:09    7.9    0.0   0.00    0.3    7.0  09:20    110
 29   55.8   59.9  17:24   49.1  23:56    9.2    0.0   0.00    0.0    4.0  12:44    340
 30   55.8   70.5  15:05   42.6  04:54    9.2    0.0   0.00    0.6   14.0  19:46    311
---------------------------------------------------------------------------------------
      60.7   83.2     09   30.6     05  133.3   13.1   4.64    0.4   17.0     20     13