Report for 2015 May
                   MONTHLY CLIMATOLOGICAL SUMMARY for May 2015


NAME: Ellijay, GA                  
ELEV: 1480 feet    LAT: 34-38.16 N    LONG: 084-27.00 W


                   TEMPERATURE (°F), RAIN (in), WIND SPEED (mph)

                                         HEAT   COOL         AVG
      MEAN                               DEG    DEG          WIND                   DOM
DAY   TEMP   HIGH   TIME    LOW   TIME   DAYS   DAYS   RAIN  SPEED   HIGH   TIME    DIR
---------------------------------------------------------------------------------------
 01   55.3   66.4  16:33   42.9  06:07    9.7    0.0   0.00    1.0   17.0  17:43    326
 02   57.4   74.3  16:34   39.3  07:04    7.6    0.0   0.00    0.3    8.0  17:39    340
 03   60.1   76.7  17:16   42.6  07:10    4.9    0.0   0.00    0.2    6.0  13:21      6
 04   63.2   78.5  15:24   46.4  06:52    1.8    0.0   0.00    0.1    7.0  13:49    336
 05   63.7   78.7  16:21   49.6  07:00    1.3    0.0   0.00    0.0    4.0  11:16    311
 06   65.2   80.7  16:28   49.5  06:37    0.0    0.2   0.00    0.2    7.0  13:08    114
 07   65.4   82.4  15:34   50.1  07:05    0.0    0.4   0.16    0.1    7.0  16:49    323
 08   68.4   82.4  13:46   55.7  06:55    0.0    3.4   0.00    0.1    8.0  15:11    291
 09   70.5   83.1  15:12   59.8  06:57    0.0    5.5   0.00    0.1    7.0  13:27     54
 10   71.7   83.9  16:28   61.1  07:08    0.0    6.7   0.00    0.1    7.0  15:18    318
 11
 12   70.0   81.7  16:42   60.6  05:31    0.0    5.0   0.00    0.3    9.0  15:52    343
 13   68.8   81.5  16:29   58.3  00:00    0.0    3.8   0.00    0.7   11.0  07:23    329
 14   66.6   79.8  15:21   50.2  06:50    0.0    1.6   0.00    0.3    7.0  10:05    117
 15   71.3   79.8  15:21   65.4  05:47    0.0    6.3   0.00    0.1    4.0  00:06    103
 16   69.4   77.7  17:00   62.0  03:14    0.0    4.4   0.00    0.0    4.0  15:55     51
 17   70.2   77.1  18:17   65.4  00:05    0.0    5.2   0.00    0.0    3.0  16:41     98
 18   68.8   77.4  16:06   62.6  05:32    0.0    3.8   0.00    0.0   17.0  17:46    310
 19   69.4   79.0  12:35   63.6  05:48    0.0    4.4   0.00    0.2    8.0  10:33    347
 20   70.5   83.9  13:52   58.3  07:02    0.0    5.5   0.00    0.1    8.0  15:32    338
 21   64.7   72.6  13:52   55.2  23:58    0.3    0.0   0.00    0.7   11.0  16:07    321
 22   60.5   74.9  16:28   49.1  07:23    4.5    0.0   0.00    0.5   11.0  01:53    327
 23   62.8   77.0  16:44   47.8  06:38    2.2    0.0   0.00    0.2    6.0  12:29    114
 24   67.8   77.4  16:29   54.8  01:44    0.0    2.8   0.00    0.2    7.0  15:29    116
 25   69.6   77.1  16:50   64.4  05:00    0.0    4.6   0.00    0.2    5.0  10:10    112
 26   68.8   78.2  14:21   62.2  23:59    0.0    3.8   0.00    0.1    6.0  04:00    113
 27   67.9   78.0  17:55   60.5  01:29    0.0    2.9   0.00    0.0   10.0  00:00    313
 28   67.7   77.7  13:40   63.2  06:35    0.0    2.7   0.00    0.0    7.0  00:10    318
 29   69.6   80.4  16:16   60.8  06:16    0.0    4.6   0.00    0.1    4.0  14:06    103
 30   69.7   80.6  13:09   58.6  06:24    0.0    4.7   0.00    0.1    5.0  11:54    105
 31   68.7   80.2  11:54   62.2  06:54    0.0    3.7   0.00    0.1   17.0  15:30     48
---------------------------------------------------------------------------------------
      66.8   83.9     10   39.3     02   32.3   86.2   0.16    0.2   17.0     01    352