Report for 2015 June
                   MONTHLY CLIMATOLOGICAL SUMMARY for Jun 2015


NAME: Ellijay, GA                  
ELEV: 1480 feet    LAT: 34-38.16 N    LONG: 084-27.00 W


                   TEMPERATURE (°F), RAIN (in), WIND SPEED (mph)

                                         HEAT   COOL         AVG
      MEAN                               DEG    DEG          WIND                   DOM
DAY   TEMP   HIGH   TIME    LOW   TIME   DAYS   DAYS   RAIN  SPEED   HIGH   TIME    DIR
---------------------------------------------------------------------------------------
 01   67.6   78.1  16:18   61.4  23:59    0.0    2.6   0.00    0.0   10.0  19:53      6
 02   67.6   78.7  16:34   59.4  06:54    0.0    2.6   0.00    0.1    8.0  18:35    338
 03   64.6   74.7  12:20   58.4  06:55    0.4    0.0   0.00    0.1    7.0  16:05     56
 04   66.8   77.1  13:51   56.4  06:06    0.0    1.8   0.18    0.0    5.0  14:36      5
 05   69.6   82.1  16:00   59.2  06:57    0.0    4.6   0.00    0.2    6.0  12:55    340
 06   71.6   86.6  16:36   58.2  07:01    0.0    6.6   0.00    0.4   10.0  11:31    313
 07   73.5   86.1  16:42   61.6  07:02    0.0    8.5   0.00    0.1    4.0  11:22    106
 08
 09   72.0   83.9  16:30   66.1  04:04    0.0    7.0   0.90    0.1    6.0  12:44    314
 10   73.3   87.5  16:31   60.8  07:00    0.0    8.3   0.00    0.1    6.0  17:16    320
 11   72.7   82.8  12:42   66.8  04:16    0.0    7.7   0.14    0.1    5.0  14:22    326
 12   73.9   82.9  16:23   68.1  02:08    0.0    8.9   0.10    0.1    6.0  11:43    323
 13
 14   76.3   89.2  16:55   65.2  06:30    0.0   11.3   0.00    0.1    7.0  12:50    348
 15
 16   78.4   92.0  16:48   65.7  06:52    0.0   13.4   0.00    0.2    9.0  11:33    328
 17   79.3   92.6  16:25   68.3  06:49    0.0   14.3   0.00    0.1    6.0  14:00    328
 18   77.5   90.9  14:41   68.4  06:45    0.0   12.5   0.00    0.1    6.0  14:06    350
 19
 20   76.7   85.5  17:58   71.2  23:58    0.0   11.7   0.36    0.2    7.0  08:42     34
 21   77.7   90.8  16:09   66.3  06:14    0.0   12.7   0.00    0.2    7.0  12:14    323
 22   78.6   92.5  16:15   66.7  06:40    0.0   13.6   0.00    0.3    7.0  11:35    326
 23   79.1   91.6  16:46   68.0  06:21    0.0   14.1   0.00    0.3   10.0  13:36    334
 24   77.6   93.8  14:23   70.0  07:07    0.0   12.6   0.06    0.3   16.0  17:43    342
 25   78.1   92.1  16:21   65.8  06:30    0.0   13.1   0.00    0.2    8.0  13:56    317
 26   75.4   92.2  14:56   67.4  07:17    0.0   10.4   1.30    0.1    6.0  14:56      9
 27   71.6   75.2  13:28   67.1  23:59    0.0    6.6   0.68    0.1    7.0  19:23      4
 28   67.9   80.7  16:30   58.0  06:39    0.0    2.9   0.02    0.3    9.0  17:35    338
 29   68.0   82.5  14:26   53.3  06:36    0.0    3.0   0.00    0.1    7.0  14:11    356
 30   68.1   70.9  08:56   65.7  07:11    0.0    3.1   0.00    0.0    0.0  00:02     90
---------------------------------------------------------------------------------------
      73.3   93.8     24   53.3     29    0.4  213.7   3.74    0.1   16.0     24    335