Report for 2015 July
                   MONTHLY CLIMATOLOGICAL SUMMARY for Jul 2015


NAME: Ellijay, GA                  
ELEV: 1480 feet    LAT: 34-38.16 N    LONG: 084-27.00 W


                   TEMPERATURE (°F), RAIN (in), WIND SPEED (mph)

                                         HEAT   COOL         AVG
      MEAN                               DEG    DEG          WIND                   DOM
DAY   TEMP   HIGH   TIME    LOW   TIME   DAYS   DAYS   RAIN  SPEED   HIGH   TIME    DIR
---------------------------------------------------------------------------------------
 01
 02
 03
 04
 05
 06
 07
 08
 09
 10
 11
 12   74.9   87.4  13:58   65.4  06:38    0.0    9.9   0.00    0.2    6.0  15:02    340
 13   77.4   89.5  16:44   66.5  06:48    0.0   12.4  29.30    0.6    8.0  13:41    346
 14   75.8   87.0  16:04   69.2  23:20    0.0   10.8   1.38    0.1   15.0  19:14      8
 15   75.4   86.2  16:20   68.4  04:00    0.0   10.4   0.12    0.4   13.0  13:55    319
 16   73.8   84.8  14:36   63.5  06:56    0.0    8.8   0.00    0.0    5.0  11:16    313
 17   76.6   89.0  16:35   65.3  07:15    0.0   11.6   0.00    0.0    4.0  16:00    323
 18   78.9   90.7  16:22   67.9  07:21    0.0   13.9   0.00    0.0    6.0  13:12    342
 19   76.9   90.8  13:28   70.1  07:03    0.0   11.9   0.20    0.2   20.0  16:23    327
 20   76.2   89.9  13:35   67.4  06:49    0.0   11.2   0.28    0.1   12.0  16:50    346
 21   75.0   87.1  13:39   67.5  07:13    0.0   10.0   0.76    0.1   12.0  16:54    331
 22   74.4   86.6  15:05   67.8  07:00    0.0    9.4   0.78    0.2   21.0  17:51    354
 23   72.7   80.5  13:27   66.8  04:16    0.0    7.7   0.42    0.0    7.0  17:42    357
 24   76.2   86.9  17:00   69.8  00:00    0.0   11.2   0.00    0.1    6.0  12:34    316
 25   75.9   85.3  15:08   68.5  07:16    0.0   10.9   0.00    0.0    3.0  11:58     17
 26   74.6   74.6  00:00   74.6  00:00    0.0    9.6   0.00    0.0    0.0  00:00     90
 27   76.9   88.7  12:35   68.5  06:59    0.0   11.9   0.02    0.1    7.0  12:15    326
 28   78.6   90.1  16:43   68.9  07:12    0.0   13.6   0.00    0.1    8.0  15:33    332
 29   79.3   90.1  13:40   70.1  07:14    0.0   14.3   0.00    0.2    8.0  13:50    326
 30   79.8   90.4  16:43   70.6  05:52    0.0   14.8   0.00    0.5   11.0  17:03    319
 31   76.5   86.7  16:05   66.5  07:09    0.0   11.5   0.00    0.3    8.0  15:00    323
---------------------------------------------------------------------------------------
      76.3   90.8     19   63.5     16    0.0  225.8  33.26    0.2   21.0     22    338