Report for 2015 August
                   MONTHLY CLIMATOLOGICAL SUMMARY for Aug 2015


NAME: Ellijay, GA                  
ELEV: 1480 feet    LAT: 34-38.16 N    LONG: 084-27.00 W


                   TEMPERATURE (°F), RAIN (in), WIND SPEED (mph)

                                         HEAT   COOL         AVG
      MEAN                               DEG    DEG          WIND                   DOM
DAY   TEMP   HIGH   TIME    LOW   TIME   DAYS   DAYS   RAIN  SPEED   HIGH   TIME    DIR
---------------------------------------------------------------------------------------
 01   74.1   88.3  16:52   62.8  07:01    0.0    9.1   0.00    0.3   11.0  16:02    327
 02   72.8   87.7  13:39   59.1  06:44    0.0    7.8   0.00    0.0    4.0  14:19    325
 03   75.9   89.6  16:37   63.6  07:01    0.0   10.9   0.00    0.1    7.0  15:42    320
 04   75.1   92.4  15:39   61.3  07:09    0.0   10.1   0.00    0.2    8.0  16:04    323
 05   75.9   93.7  13:46   65.9  07:10    0.0   10.9   0.50    0.1    8.0  17:26    351
 06   72.0   79.3  14:37   68.6  06:17    0.0    7.0   0.12    0.0    7.0  16:02     19
 07   74.4   83.1  16:29   68.9  23:59    0.0    9.4   0.00    0.2    8.0  16:54    339
 08   75.0   88.0  16:33   63.5  06:33    0.0   10.0   0.00    0.1    5.0  14:03    322
 09   76.9   89.3  17:02   65.8  07:17    0.0   11.9   0.00    0.0    4.0  12:42    355
 10   70.4   73.5  00:02   68.6  18:07    0.0    5.4   1.50    0.0    1.0  19:27     90
 11   73.8   84.8  14:23   67.5  06:48    0.0    8.8   0.10    0.1    9.0  12:23    322
 12   73.1   83.3  14:35   63.9  07:34    0.0    8.1   0.00    0.7   11.0  15:25    319
 13   71.7   84.4  14:37   60.5  07:06    0.0    6.7   0.66    0.0    7.0  17:02    331
 14   73.0   82.6  16:29   66.5  06:59    0.0    8.0   0.00    0.1    5.0  14:44    111
 15   72.4   83.2  15:17   65.7  06:30    0.0    7.4   0.00    0.1    8.0  16:12    345
 16   72.7   83.1  16:14   62.9  07:03    0.0    7.7   0.00    0.0    4.0  12:44    113
 17   71.4   76.7  13:56   68.4  21:52    0.0    6.4   4.36    0.0    7.0  19:02    322
 18   71.9   76.4  15:02   68.5  04:23    0.0    6.9   1.32    0.0    3.0  11:14     19
 19   73.0   80.2  17:19   69.5  04:33    0.0    8.0   4.14    0.1    5.0  15:44    334
 20   73.6   80.6  14:13   69.6  01:34    0.0    8.6   0.08    0.1    6.0  12:48    318
 21   73.5   82.3  16:53   66.2  07:33    0.0    8.5   0.00    0.0    5.0  11:33    329
 22   74.2   84.8  15:06   65.8  06:42    0.0    9.2   1.18    0.1    6.0  15:31    302
 23   71.6   79.2  16:10   67.7  06:15    0.0    6.6   0.40    0.1    5.0  15:20    333
 24   73.2   84.7  15:19   63.8  07:24    0.0    8.2   0.00    0.2   11.0  15:49    329
 25   68.5   79.3  16:15   58.2  07:59    0.0    3.5   0.00    0.4   11.0  10:40    311
 26
 27   68.7   80.7  14:31   58.6  06:55    0.0    3.7   0.00    0.0    5.0  10:59    120
 28   70.7   80.2  16:34   61.4  03:59    0.0    5.7   0.00    0.1    6.0  11:54    117
 29   71.7   80.2  15:02   65.5  04:23    0.0    6.7   0.00    0.1    6.0  15:37    113
 30   67.8   71.1  17:00   65.5  07:31    0.0    2.8   0.14    0.0    3.0  15:20    291
 31   71.0   79.3  15:20   64.7  04:26    0.0    6.0   0.00    0.0    7.0  13:15     14
---------------------------------------------------------------------------------------
      72.7   93.7     05   58.2     25    0.0  230.1  14.50    0.1   11.0     01    329