Report for 2015 September
                   MONTHLY CLIMATOLOGICAL SUMMARY for Sep 2015


NAME: Ellijay, GA                  
ELEV: 1480 feet    LAT: 34-38.16 N    LONG: 084-27.00 W


                   TEMPERATURE (°F), RAIN (in), WIND SPEED (mph)

                                         HEAT   COOL         AVG
      MEAN                               DEG    DEG          WIND                   DOM
DAY   TEMP   HIGH   TIME    LOW   TIME   DAYS   DAYS   RAIN  SPEED   HIGH   TIME    DIR
---------------------------------------------------------------------------------------
 01   72.0   83.8  15:18   61.3  07:12    0.0    7.0   0.00    0.0    4.0  11:27    323
 02   73.6   85.1  13:37   63.7  07:25    0.0    8.6   0.00    0.1    6.0  15:27    321
 03   74.6   87.5  15:26   67.7  06:56    0.0    9.6   0.00    0.1    8.0  15:06    327
 04   73.2   87.8  15:27   62.7  07:22    0.0    8.2   0.00    0.0    5.0  15:22    308
 05   73.4   83.7  14:54   65.7  06:22    0.0    8.4   0.18    0.1   10.0  18:44    240
 06   69.6   81.3  13:47   62.0  07:27    0.0    4.6   0.04    0.0    4.0  14:27    304
 07
 08   71.0   79.6  16:13   63.1  07:13    0.0    6.0   0.04    0.0    5.0  16:03    119
 09   73.5   80.5  16:00   68.5  00:00    0.0    8.5   0.26    0.1   11.0  22:30    341
 10   70.7   78.2  16:40   65.8  03:11    0.0    5.7   0.64    0.1    7.0  17:26    331
 11   70.6   80.0  15:52   64.8  08:22    0.0    5.6   0.02    0.0    6.0  14:42    333
 12   65.7   72.8  13:53   55.5  22:56    0.0    0.7   0.00    0.4   11.0  17:58    314
 13   57.6   67.4  16:06   48.5  23:59    7.4    0.0   0.00    0.5   11.0  15:11    318
 14
 15
 16   62.4   75.5  16:33   49.4  07:38    2.6    0.0   0.00    0.0    9.0  12:03     86
 17   66.9   78.3  15:34   55.7  07:58    0.0    1.9   0.00    0.1    6.0  15:49    322
 18   65.9   79.8  15:40   53.4  07:44    0.0    0.9   0.00    0.1    6.0  13:50    319
 19   66.6   79.8  14:42   54.7  06:16    0.0    1.6   0.00    0.1    5.0  12:17    345
 20   69.2   82.8  15:00   58.2  07:28    0.0    4.2   0.00    0.1    8.0  13:45    358
 21   66.1   72.5  15:46   61.2  07:26    0.0    1.1   0.00    0.1    7.0  12:06    324
 22
 23
 24   65.8   75.1  15:25   58.2  07:14    0.0    0.8   0.26    0.0    4.0  13:29    322
 25   64.2   67.6  16:49   61.4  05:42    0.8    0.0   2.04    0.0    5.0  14:44    290
 26   65.9   69.2  14:31   63.5  08:05    0.0    0.9   0.60    0.1    6.0  14:01    126
 27   68.8   74.8  14:48   64.9  07:37    0.0    3.8   0.02    0.3    6.0  11:12    127
 28   69.9   75.0  14:04   65.8  07:08    0.0    4.9   0.04    0.0    4.0  11:59    119
 29   71.2   76.9  16:47   67.0  23:58    0.0    6.2   0.18    0.0    5.0  19:07    317
 30
---------------------------------------------------------------------------------------
      68.7   87.8     04   48.5     13   10.8   99.0   4.32    0.1   11.0     09    333