Report for 2015 October
                   MONTHLY CLIMATOLOGICAL SUMMARY for Oct 2015


NAME: Ellijay, GA                  
ELEV: 1480 feet    LAT: 34-38.16 N    LONG: 084-27.00 W


                   TEMPERATURE (°F), RAIN (in), WIND SPEED (mph)

                                         HEAT   COOL         AVG
      MEAN                               DEG    DEG          WIND                   DOM
DAY   TEMP   HIGH   TIME    LOW   TIME   DAYS   DAYS   RAIN  SPEED   HIGH   TIME    DIR
---------------------------------------------------------------------------------------
 01   66.0   70.8  12:00   63.0  23:50    0.0    1.0   0.20    0.0    7.0  20:00    306
 02   61.5   63.7  15:02   59.3  07:56    3.5    0.0   1.50    0.0    3.0  01:11    336
 03   59.8   61.5  12:31   58.6  16:23    5.2    0.0   3.14    0.3    5.0  12:35    320
 04   62.9   68.6  17:23   59.9  00:01    2.1    0.0   1.40    0.2    5.0  14:48    328
 05   67.7   75.4  13:54   61.1  08:14    0.0    2.7   0.20    0.0    5.0  10:54    287
 06   64.2   72.9  16:30   59.9  05:55    0.8    0.0   0.02    0.0    5.0  16:25    311
 07   64.4   75.3  15:01   56.0  06:10    0.6    0.0   0.00    0.0    6.0  13:41    323
 08   64.6   75.5  13:56   54.8  08:01    0.4    0.0   0.00    0.0    5.0  12:41    325
 09   64.5   72.5  16:33   58.4  02:37    0.5    0.0   0.36    0.0    4.0  15:48    309
 10   62.3   63.9  00:04   59.3  00:00    2.7    0.0   1.22    0.2   10.0  18:04    339
 11   61.1   70.3  14:40   55.1  23:56    3.9    0.0   0.00    0.0    4.0  12:05      4
 12   59.0   69.6  15:32   50.2  06:11    6.0    0.0   0.00    0.0    6.0  13:52    104
 13   61.4   72.3  15:58   50.9  23:59    3.6    0.0   0.46    0.1    9.0  15:28    338
 14
 15   56.3   72.5  15:57   43.9  07:41    8.7    0.0   0.00    0.0    5.0  14:42    346
 16   55.7   69.1  14:34   42.0  23:59    9.3    0.0   0.00    0.4   15.0  13:29    319
 17   47.8   62.4  14:20   35.1  07:20   17.2    0.0   0.00    0.3    9.0  11:05    318
 18   46.8   60.7  14:17   32.5  08:01   18.2    0.0   0.00    0.4   12.0  16:42    329
 19   45.7   60.5  15:53   33.2  07:08   19.3    0.0   0.00    0.1    8.0  11:58    136
 20   47.5   65.4  16:10   32.5  08:15   17.5    0.0   0.00    0.1    6.0  13:20    322
 21   51.8   71.0  15:55   34.6  08:09   13.2    0.0   0.00    0.1    8.0  13:25    307
 22   55.2   72.4  15:28   40.9  08:02    9.8    0.0   0.00    0.1    6.0  14:22    315
 23   58.0   74.6  15:05   44.0  08:14    7.0    0.0   0.00    0.1    5.0  13:15    343
 24   59.7   69.0  14:52   51.4  03:11    5.3    0.0   0.00    0.0    2.0  17:42    160
 25   63.4   70.8  15:44   58.8  03:58    1.6    0.0   0.00    0.0    4.0  14:13    308
 26   58.9   61.8  08:49   52.4  23:21    6.1    0.0   0.50    0.5   10.0  20:06    130
 27   53.6   56.2  15:22   50.3  07:27   11.4    0.0   0.20    1.9   13.0  07:22    132
 28   61.1   68.8  16:54   54.9  23:59    3.9    0.0   0.24    0.3   13.0  00:07    124
 29   55.8   65.1  15:43   46.6  23:58    9.2    0.0   0.10    0.1    7.0  16:08    326
 30   49.5   63.6  16:24   37.1  08:09   15.5    0.0   0.00    0.2    7.0  10:59    306
 31   54.2   59.9  14:26   43.0  03:10   10.8    0.0   0.38    0.3    9.0  19:56    132
---------------------------------------------------------------------------------------
      58.5   75.5     08   32.5     18  213.5    3.7   9.92    0.2   15.0     16     41