Report for 2015 November
                   MONTHLY CLIMATOLOGICAL SUMMARY for Nov 2015


NAME: Ellijay, GA                  
ELEV: 1480 feet    LAT: 34-38.16 N    LONG: 084-27.00 W


                   TEMPERATURE (°F), RAIN (in), WIND SPEED (mph)

                                         HEAT   COOL         AVG
      MEAN                               DEG    DEG          WIND                   DOM
DAY   TEMP   HIGH   TIME    LOW   TIME   DAYS   DAYS   RAIN  SPEED   HIGH   TIME    DIR
---------------------------------------------------------------------------------------
 01   61.2   65.2  15:53   55.3  00:12    3.8    0.0   1.40    0.1    7.0  03:32    126
 02   63.0   64.7  15:45   61.3  06:34    2.0    0.0   2.30    0.0    6.0  12:19    143
 03   65.8   71.1  11:51   62.1  07:56    0.0    0.8   0.02    0.2    6.0  13:06    126
 04   65.1   70.4  13:18   60.8  05:57    0.0    0.1   0.00    0.3    7.0  10:27    128
 05   64.7   64.7  00:00   64.7  00:00    0.3    0.0   0.00    0.0    0.0  00:00     90
 06   69.5   76.3  14:21   64.5  01:25    0.0    4.5   0.36    0.0    5.0  13:21     21
 07   62.1   67.9  03:22   52.2  23:58    2.9    0.0   1.72    0.2   12.0  19:33    331
 08   51.5   55.7  13:20   46.2  20:50   13.5    0.0   0.28    0.4   11.0  10:44    126
 09   52.9   56.2  15:27   46.8  00:16   12.1    0.0   2.64    0.1    6.0  07:16    121
 10   53.7   63.1  14:03   41.6  23:55   11.3    0.0   0.02    0.2    9.0  13:18    310
 11   50.8   69.9  14:48   35.5  07:18   14.2    0.0   0.00    0.0    4.0  13:58    314
 12   56.2   66.8  14:50   45.8  02:04    8.8    0.0   0.04    0.2   12.0  11:30    339
 13   48.9   58.6  13:43   35.5  23:59   16.1    0.0   0.00    0.9   18.0  13:23    322
 14   45.3   57.6  14:45   31.8  23:56   19.7    0.0   0.00    0.9   13.0  08:24    308
 15   42.3   58.3  13:42   29.6  01:56   22.7    0.0   0.00    0.0    2.0  11:47    349
 16   48.3   63.3  14:40   32.1  05:29   16.7    0.0   0.00    0.0    5.0  12:30    334
 17   58.8   65.0  14:13   53.1  01:47    6.2    0.0   0.02    1.2   17.0  11:23    126
 18   58.1   63.9  15:42   52.0  02:40    6.9    0.0   4.26    1.9   15.0  11:41    123
 19   55.6   66.2  14:40   42.6  22:56    9.4    0.0   0.00    0.0    6.0  23:51     90
 20   51.0   62.7  15:04   40.3  22:29   14.0    0.0   0.02    0.7   14.0  11:23    313
 21   52.2   58.8  12:01   47.7  06:20   12.8    0.0   0.00    0.6   13.0  08:36    117
 22   38.4   48.2  00:02   30.6  23:56   26.6    0.0   0.00    1.3   17.0  09:18    317
 23   35.2   49.5  15:18   25.1  07:32   29.8    0.0   0.00    0.1    8.0  13:47    298
 24   39.0   58.1  14:36   25.1  07:40   26.0    0.0   0.00    0.1    6.0  13:40    318
 25   47.3   55.0  14:18   33.8  00:02   17.7    0.0   0.00    0.4   18.0  10:03    123
 26   56.3   66.1  14:25   47.6  02:25    8.7    0.0   0.00    0.0    0.0  00:05     90
 27   59.5   68.4  13:37   48.9  05:46    5.5    0.0   0.00    0.0    0.0  00:01     90
 28
 29
 30
---------------------------------------------------------------------------------------
      53.3   76.3     06   25.1     23  307.6    5.4  13.08    0.4   18.0     13    106