Report for 2015 December
                   MONTHLY CLIMATOLOGICAL SUMMARY for Dec 2015


NAME: Ellijay, GA                  
ELEV: 1480 feet    LAT: 34-38.16 N    LONG: 084-27.00 W


                   TEMPERATURE (°F), RAIN (in), WIND SPEED (mph)

                                         HEAT   COOL         AVG
      MEAN                               DEG    DEG          WIND                   DOM
DAY   TEMP   HIGH   TIME    LOW   TIME   DAYS   DAYS   RAIN  SPEED   HIGH   TIME    DIR
---------------------------------------------------------------------------------------
 01
 02
 03
 04
 05
 06
 07
 08
 09
 10
 11
 12
 13
 14
 15
 16
 17
 18
 19
 20
 21
 22   59.8   59.8  00:00   59.8  00:00    5.2    0.0   0.00    0.0    0.0  00:00     90
 23   61.3   64.4  23:54   59.6  04:01    3.7    0.0   1.40    0.3    8.0  00:27    130
 24   65.4   68.1  05:58   60.7  19:02    0.0    0.4 206.06    0.0    0.0  00:01     90
 25   63.4   67.5  12:54   60.8  23:54    1.6    0.0   3.56    0.0    0.0  00:09     90
 26   64.4   72.1  15:09   59.3  07:29    0.6    0.0   0.24    0.0    0.0  00:09     90
 27   67.5   72.3  14:59   59.1  23:50    0.0    2.5   0.00    0.0    0.0  00:09     90
 28   66.0   70.0  13:10   59.6  00:10    0.0    1.0   3.42    0.5   16.0  17:20    131
 29   58.0   65.3  00:10   49.8  22:50    7.0    0.0   0.00    0.0    0.0  00:10     90
 30   55.6   59.2  11:15   50.5  00:10    9.4    0.0   0.88    0.0    0.0  00:10     90
 31   51.7   56.9  14:00   42.4  00:00   13.3    0.0   0.00    0.0    0.0  00:10     90
---------------------------------------------------------------------------------------
      62.2   72.3     27   42.4     01   40.7    3.9 215.56    0.1   16.0     28    130