Report for 2016
                     CLIMATOLOGICAL SUMMARY for year 2016


NAME: Ellijay, GA                  
ELEV: 1480 feet    LAT: 34-38.16 N    LONG: 084-27.00 W


                                       TEMPERATURE (°F)

                              HEAT    COOL                              MAX    MAX    MIN    MIN
          MEAN   MEAN         DEG     DEG                                >=     <=     <=     <=
 YR  MO   MAX    MIN    MEAN  DAYS    DAYS      HI  DAY     LOW  DAY     90     32     32      0
------------------------------------------------------------------------------------------------
2016 01   46.1   28.1   37.4  815.4    0.0    63.0   30    15.5   19      0      3     22      0
2016 02   52.0   34.4   42.5  570.9    0.0    69.6   02    19.6   10      0      1     12      0
2016 03   66.0   42.7   54.4  299.7    1.9    80.8   15    27.8   05      0      0      6      0
2016 04   71.5   47.7   59.9  174.5   19.8    83.5   29    30.4   10      0      0      1      0
2016 05   75.9   54.6   66.4   74.0   69.9    89.0   31    39.8   07      0      0      0      0
2016 06   88.0   63.7   74.7    0.0  280.4    95.7   25    50.3   09     14      0      0      0
2016 07   89.0   67.8   76.7    0.0  367.1    95.9   03    64.2   02     11      0      0      0
2016 08   86.7   68.3   76.3    0.0  349.5    91.6   01    60.3   23      3      0      0      0
2016 09   84.0   61.5   71.6   16.2  214.2    90.8   15    42.4   30      1      0      0      0
2016 10   76.1   49.5   61.7  127.4   31.5    84.0   19    31.6   23      0      0      1      0
2016 11   65.4   38.6   51.2  412.9    0.0    78.8   01    24.0   27      0      0      7      0
2016 12   52.5   33.7   43.6  667.5    0.0    69.4   25    18.1   10      0      0     14      0
------------------------------------------------------------------------------------------------
          71.4   49.5   60.4 3158.5 1334.4    95.9  Jul    15.5  Jan     29      4     63      0


                  PRECIPITATION (in)

                  MAX         ---DAYS OF RAIN---
                  OBS.               OVER
 YR  MO  TOTAL    DAY  DATE   0.01   0.10   1.00
------------------------------------------------
2016 01   6.16   3.12    15     11      9      2
2016 02  98.90  88.92    13     12      9      5
2016 03   4.84   1.22    01     11      9      1
2016 04   6.30   2.30    01      9      8      2
2016 05   2.46   0.68    20      8      8      0
2016 06  71.86  68.48    19     11      8      1
2016 07 626.02 617.70    19     15     11      2
2016 08   6.80   2.50    04     16      9      2
2016 09   2.14   1.50    18      7      3      1
2016 10   0.22   0.22    21      1      1      0
2016 11 503.06 369.34    24      5      5      4
2016 12 783.16 250.48    12     16     13      6
------------------------------------------------
        2111.92 617.70   Jul    122     93     26


           WIND SPEED (mph)

                                DOM
 YR  MO    AVG     HI   DATE    DIR
-----------------------------------
2016 01    1.0   19.6     22     13 
2016 02    1.5   17.3     10    308 
2016 03    0.5   17.0     01    320 
2016 04    0.5   20.0     09     37 
2016 05    0.4   22.0     14     19 
2016 06    0.8   15.0     17      8 
2016 07    0.4   12.7     16    351 
2016 08    0.3   14.0     21     49 
2016 09    0.5   11.5     01    340 
2016 10    0.9   20.7     08    341 
2016 11    0.7   16.1     20    331 
2016 12    0.4   23.0     29    312 
-----------------------------------
           0.6   23.0    Dec    340