Report for 2016 January
                   MONTHLY CLIMATOLOGICAL SUMMARY for Jan 2016


NAME: Ellijay, GA                  
ELEV: 1480 feet    LAT: 34-38.16 N    LONG: 084-27.00 W


                   TEMPERATURE (°F), RAIN (in), WIND SPEED (mph)

                                         HEAT   COOL         AVG
      MEAN                               DEG    DEG          WIND                   DOM
DAY   TEMP   HIGH   TIME    LOW   TIME   DAYS   DAYS   RAIN  SPEED   HIGH   TIME    DIR
---------------------------------------------------------------------------------------
 01   41.3   45.4  13:05   36.8  23:55   23.7    0.0   0.00    0.4   10.0  12:30    314
 02   37.2   48.7  15:45   28.9  00:00   27.8    0.0   0.00    0.4   13.0  03:00    324
 03   35.9   51.9  15:30   26.1  05:00   29.1    0.0   0.00    0.2   15.0  11:05    323
 04   28.0   28.0  00:00   28.0  00:00   37.0    0.0   0.00    0.0    0.0  00:00     90
 05   31.1   43.0  14:55   18.9  07:50   33.9    0.0   0.00    0.3    9.0  22:20    127
 06   36.7   49.7  16:00   24.0  08:20   28.3    0.0   0.00    0.3    9.0  01:05    124
 07   49.1   58.9  14:30   36.1  04:05   15.9    0.0   0.00    0.6   12.0  11:40    121
 08   49.4   52.3  00:10   46.6  08:50   15.6    0.0   0.34    0.6   12.0  08:50    122
 09   49.1   51.4  11:40   44.4  07:15   15.9    0.0   0.20    1.0   12.0  11:40    121
 10   37.3   48.6  00:40   24.5  00:00   27.7    0.0   0.20    0.5   13.0  15:25    305
 11   27.0   39.4  15:30   16.8  08:05   38.0    0.0   0.00    0.1    6.0  00:45    313
 12   33.2   47.9  16:07   19.6  07:42   31.8    0.0   0.00    1.2   12.0  14:22    307
 13   32.5   44.5  13:37   23.8  07:37   32.5    0.0   0.00    0.8    9.2  12:07    319
 14   36.5   55.1  15:32   23.1  06:12   28.5    0.0   0.00    0.4    6.9  11:22    328
 15   41.0   48.4  15:47   30.8  02:52   24.0    0.0   3.12    0.4    5.8  11:07    297
 16   44.5   49.8  13:32   36.3  21:32   20.5    0.0   0.00    1.2    9.2  12:47    307
 17   35.4   40.9  13:52   27.1  23:32   29.6    0.0   0.00    2.2   11.5  11:27    307
 18
 19   23.2   33.5  15:36   15.5  04:01   41.8    0.0   0.00    1.3   11.5  07:36    322
 20   30.0   34.6  11:21   24.2  04:06   35.0    0.0   0.20    0.1    2.3  11:21    221
 21   37.4   44.0  16:36   32.3  07:11   27.6    0.0   0.64    1.5   15.0  22:51    121
 22   36.1   39.6  00:31   30.4  23:53   28.9    0.0   1.02    5.0   19.6  06:31    122
 23   25.5   30.1  00:03   23.3  09:33   39.5    0.0   0.02    3.7   13.0  14:48    309
 24   29.7   44.4  15:10   15.8  07:35   35.3    0.0   0.20    0.5    6.9  00:03    327
 25   38.2   53.1  15:02   25.6  07:35   26.8    0.0   0.08    0.5    6.0  14:12    112
 26
 27   40.5   46.7  03:44   30.8  23:59   24.5    0.0   0.14    1.3    8.1  11:49    305
 28   37.2   52.2  14:34   29.2  23:55   27.8    0.0   0.00    0.5    8.1  16:45    322
 29   28.8   28.8  00:00   28.8  00:00   36.2    0.0   0.00    0.0    0.0  00:00     90
 30   44.3   63.0  16:10   26.9  06:55   20.7    0.0   0.00    0.7    5.8  16:10    125
 31   53.4   62.0  16:15   40.8  04:25   11.6    0.0   0.00    0.8    5.0  16:15    119
---------------------------------------------------------------------------------------
      37.4   63.0     30   15.5     19  815.4    0.0   6.16    1.0   19.6     22     13