Report for 2016 February
                   MONTHLY CLIMATOLOGICAL SUMMARY for Feb 2016


NAME: Ellijay, GA                  
ELEV: 1480 feet    LAT: 34-38.16 N    LONG: 084-27.00 W


                   TEMPERATURE (°F), RAIN (in), WIND SPEED (mph)

                                         HEAT   COOL         AVG
      MEAN                               DEG    DEG          WIND                   DOM
DAY   TEMP   HIGH   TIME    LOW   TIME   DAYS   DAYS   RAIN  SPEED   HIGH   TIME    DIR
---------------------------------------------------------------------------------------
 01   59.2   66.2  16:05   52.2  00:00    5.8    0.0   0.00    0.4    5.8  13:50     59
 02   58.4   69.6  14:25   50.3  01:15    6.6    0.0   0.12    2.5   12.7  19:30    123
 03   56.5   65.2  04:10   44.0  00:00    8.5    0.0   2.66    0.7    9.2  00:05    137
 04   41.2   49.3  13:40   33.4  00:00   23.8    0.0   0.00    4.1   13.8  18:55    307
 05   35.1   45.1  15:15   27.7  23:45   29.9    0.0   0.00    3.3   12.7  06:20    314
 06   35.0   48.4  15:35   23.8  07:35   30.0    0.0   0.00    0.8    8.1  13:40    312
 07   36.4   52.7  15:16   22.8  07:40   28.6    0.0   0.00    1.4   16.1  11:35    316
 08   36.2   48.8  13:26   27.4  03:11   28.8    0.0   0.00    2.2   15.0  14:26    299
 09   28.6   32.5  00:36   22.7  23:46   36.4    0.0   0.02    2.7   14.0  00:11    301
 10   25.1   30.8  16:21   19.6  06:21   39.9    0.0   0.00    3.5   17.3  13:41    302
 11   37.6   49.6  16:31   23.3  07:52   27.4    0.0  -0.14    0.8    7.0  13:32    320
 12   40.0   53.0  14:08   28.1  00:11   25.0    0.0   0.00    2.0   13.0  14:13    305
 13   31.7   36.8  15:24   25.3  23:55   33.3    0.0  88.92    2.0   16.1  09:54    307
 14
 15   36.3   41.4  22:58   31.8  04:13   28.7    0.0   0.72    2.2   13.8  21:18    124
 16   42.0   50.1  14:17   32.1  07:47   23.0    0.0   0.50    0.2   12.0  20:42    339
 17   39.4   45.2  15:21   33.1  21:41   25.6    0.0   0.00    0.7   13.0  12:11    315
 18   39.9   58.2  15:55   25.9  07:30   25.1    0.0   0.00    0.2    6.0  14:25    309
 19   48.9   60.8  16:10   34.6  01:05   16.1    0.0   0.00    0.7   11.0  13:55    126
 20   50.8   56.5  17:03   43.8  01:34   14.2    0.0   0.06    0.0    2.0  14:39    111
 21   53.8   60.0  14:17   45.8  02:38   11.2    0.0   0.88    0.2    6.0  12:07     47
 22   57.5   63.2  13:01   53.9  23:46    7.5    0.0   1.22    0.1    5.0  13:51    131
 23   51.5   54.6  02:26   49.5  22:30   13.5    0.0   2.28    1.6   14.0  23:15    122
 24   47.3   57.7  06:45   36.8  22:04   17.7    0.0   1.62    1.7   15.0  02:55    128
 25   38.6   42.7  15:18   35.3  23:53   26.4    0.0   0.04    1.6   13.0  01:48    293
 26   37.5   46.5  15:37   28.5  23:51   27.5    0.0   0.00    1.4   14.0  12:52    302
 27
 28
 29   54.7   66.3  14:56   43.6  23:56   10.3    0.0   0.00    0.4    9.0  11:35    312
---------------------------------------------------------------------------------------
      42.5   69.6     02   19.6     10  570.9    0.0  98.90    1.5   17.3     10    308