Report for 2016 March
                   MONTHLY CLIMATOLOGICAL SUMMARY for Mar 2016


NAME: Ellijay, GA                  
ELEV: 1480 feet    LAT: 34-38.16 N    LONG: 084-27.00 W


                   TEMPERATURE (°F), RAIN (in), WIND SPEED (mph)

                                         HEAT   COOL         AVG
      MEAN                               DEG    DEG          WIND                   DOM
DAY   TEMP   HIGH   TIME    LOW   TIME   DAYS   DAYS   RAIN  SPEED   HIGH   TIME    DIR
---------------------------------------------------------------------------------------
 01   51.0   67.8  13:30   38.0  06:40   14.0    0.0   1.22    0.6   17.0  20:55    102
 02   38.4   45.5  00:05   29.8  23:18   26.6    0.0   0.00    1.0   13.0  10:54    302
 03   35.6   43.6  10:57   28.9  04:22   29.4    0.0   0.70    0.6   14.0  09:32    129
 04   41.3   49.9  15:12   31.9  23:56   23.7    0.0   0.02    0.8   11.5  10:27    329
 05   43.7   59.1  15:03   27.8  07:24   21.3    0.0   0.00    0.2    8.0  15:13    320
 06   49.5   65.5  15:43   38.8  07:22   15.5    0.0   0.00    0.7   13.0  00:53    316
 07   49.1   66.7  16:21   33.3  06:42   15.9    0.0   0.00    0.2    7.0  13:12    119
 08   55.8   70.5  15:45   38.3  07:16    9.2    0.0   0.00    0.2    8.0  11:35    127
 09   62.2   74.0  15:34   49.5  06:45    2.8    0.0   0.00    0.4   12.0  13:54    117
 10   66.9   75.1  14:33   59.1  06:18    0.0    1.9   0.18    0.6   11.0  12:53    117
 11   64.9   76.7  12:41   55.5  07:21    0.1    0.0   0.00    0.3    7.0  12:02    309
 12   64.7   74.1  12:18   55.7  04:13    0.3    0.0   0.00    0.2    8.0  13:37    126
 13   64.4   72.3  16:37   54.0  23:57    0.6    0.0   0.72    0.3   13.0  07:22    105
 14   57.4   70.0  16:17   47.1  07:40    7.6    0.0   0.18    0.2   12.0  16:07    108
 15   62.0   80.8  16:56   44.0  08:12    3.0    0.0   0.02    0.2    6.0  14:17    118
 16   64.8   77.3  15:31   48.7  00:00    0.2    0.0   0.00    0.3   10.0  14:26    293
 17   55.1   72.2  14:10   37.3  07:50    9.9    0.0   0.00    0.4   10.4  12:45    313
 18   56.9   72.9  14:22   39.2  07:10    8.1    0.0   0.00    0.2   11.0  13:02    315
 19   58.1   67.1  14:54   49.1  23:59    6.9    0.0   0.00    0.6   12.0  21:24    314
 20   43.7   51.7  14:23   37.0  22:57   21.3    0.0   0.00    1.1   14.0  13:58    310
 21   41.0   51.7  17:27   29.4  06:32   24.0    0.0   0.00    1.0   17.0  13:47    313
 22   45.8   65.0  17:01   28.0  07:31   19.2    0.0   0.00    0.4   10.0  15:26    141
 23
 24
 25   58.7   66.3  15:52   45.9  23:56    6.3    0.0   0.72    0.5    7.0  14:27    331
 26   54.3   67.4  11:45   39.9  06:55   10.7    0.0   0.00    0.3    8.0  11:15    129
 27   60.4   63.9  14:57   58.2  00:03    4.6    0.0   0.16    0.2    9.0  07:03    138
 28   58.9   65.8  14:25   45.0  23:56    6.1    0.0   0.22    0.4   10.4  11:50    318
 29   54.9   69.1  17:29   44.8  00:16   10.1    0.0   0.00    1.0   12.0  04:45    300
 30
 31   62.8   66.8  23:32   60.8  01:49    2.2    0.0   0.70    0.0    0.0  00:04     90
---------------------------------------------------------------------------------------
      54.4   80.8     15   27.8     05  299.7    1.9   4.84    0.5   17.0     01    320