Report for 2016 April
                   MONTHLY CLIMATOLOGICAL SUMMARY for Apr 2016


NAME: Ellijay, GA                  
ELEV: 1480 feet    LAT: 34-38.16 N    LONG: 084-27.00 W


                   TEMPERATURE (°F), RAIN (in), WIND SPEED (mph)

                                         HEAT   COOL         AVG
      MEAN                               DEG    DEG          WIND                   DOM
DAY   TEMP   HIGH   TIME    LOW   TIME   DAYS   DAYS   RAIN  SPEED   HIGH   TIME    DIR
---------------------------------------------------------------------------------------
 01   64.0   69.4  13:56   57.6  23:56    1.0    0.0   2.30    0.0    0.0  00:02     90
 02   54.4   59.5  15:20   46.4  08:00   10.6    0.0   0.00    0.8   16.0  11:00    315
 03   53.0   66.5  16:09   41.0  07:59   12.0    0.0   0.00    1.1   14.0  03:39    320
 04   55.1   73.4  16:07   34.2  07:28    9.9    0.0   0.00    0.5   12.0  18:27    312
 05   54.3   64.7  15:51   41.1  23:56   10.7    0.0   0.00    1.5   15.0  10:01    327
 06   52.7   61.7  17:20   39.5  00:46   12.3    0.0   0.14    1.3   13.0  08:20    122
 07   53.7   65.1  14:40   41.0  07:31   11.3    0.0   0.88    0.7   17.0  20:20    309
 08   51.0   57.9  15:33   44.5  07:49   14.0    0.0   0.00    1.1   14.0  16:44    313
 09   46.2   54.3  16:18   34.7  23:57   18.8    0.0   0.00    1.1   20.0  14:42    308
 10   44.1   57.7  16:51   30.4  06:31   20.9    0.0   0.00    0.4    8.0  16:56    123
 11   57.0   68.3  14:02   45.8  07:32    8.0    0.0   0.10    0.5    8.0  12:57    132
 12   59.6   65.4  17:51   50.3  23:56    5.4    0.0   0.26    0.7   16.0  12:51    317
 13   57.3   67.1  14:11   43.6  06:52    7.7    0.0   0.00    1.0   14.0  09:21    118
 14   60.4   70.0  16:54   52.0  05:35    4.6    0.0   0.08    0.6    8.0  10:10    124
 15   61.0   68.4  16:57   53.9  06:48    4.0    0.0   0.00    0.7   10.0  14:58    125
 16   62.9   72.6  16:47   56.0  08:11    2.1    0.0   0.00    0.0    0.0  00:02     90
 17   58.8   76.2  16:46   38.4  07:26    6.2    0.0   0.00    0.4    6.0  10:56    109
 18   62.0   82.1  14:39   39.9  07:19    3.0    0.0   0.00    0.2    7.0  14:59     73
 19   63.8   80.7  16:11   45.3  07:22    1.2    0.0   0.00    0.3    7.0  10:57    331
 20   67.7   82.8  13:35   54.7  07:00    0.0    2.7   0.00    0.5    6.9  15:59    126
 21   66.5   75.4  12:58   57.6  06:58    0.0    1.5   0.32    0.4   12.0  18:57    118
 22   61.9   71.2  17:26   56.1  23:52    3.1    0.0   1.28    0.1   19.0  19:27     33
 23   60.3   71.1  16:15   48.4  07:11    4.7    0.0   0.00    0.8   14.0  10:51    321
 24   61.8   76.9  16:23   45.5  07:23    3.2    0.0   0.00    0.2    6.0  13:23     97
 25   65.0   78.5  15:26   52.0  04:47    0.0    0.0   0.00    0.2    8.0  16:06     97
 26   67.2   80.5  15:46   54.7  06:27    0.0    2.2   0.00    0.2    8.0  16:21      8
 27   68.0   80.9  15:05   54.8  07:20    0.0    3.0   0.00    0.2    6.0  12:10     56
 28   70.0   80.5  17:04   61.1  23:59    0.0    5.0   0.00    0.4    9.0  17:04      5
 29   67.6   83.5  14:53   51.9  06:53    0.0    2.6   0.00    0.2    6.0  12:53    333
 30   67.7   82.4  13:19   59.0  07:28    0.0    2.7   0.94    0.2    7.0  12:09    120
---------------------------------------------------------------------------------------
      59.9   83.5     29   30.4     10  174.5   19.8   6.30    0.5   20.0     09     37