Report for 2016 May
                   MONTHLY CLIMATOLOGICAL SUMMARY for May 2016


NAME: Ellijay, GA                  
ELEV: 1480 feet    LAT: 34-38.16 N    LONG: 084-27.00 W


                   TEMPERATURE (°F), RAIN (in), WIND SPEED (mph)

                                         HEAT   COOL         AVG
      MEAN                               DEG    DEG          WIND                   DOM
DAY   TEMP   HIGH   TIME    LOW   TIME   DAYS   DAYS   RAIN  SPEED   HIGH   TIME    DIR
---------------------------------------------------------------------------------------
 01   68.9   77.3  15:18   63.3  06:08    0.0    3.9   0.10    0.1    6.0  18:38      3
 02   67.9   79.6  16:28   59.9  05:58    0.0    2.9   0.36    0.4   10.4  19:48     61
 03   64.8   71.8  16:04   55.7  23:59    0.2    0.0   0.28    0.6    8.1  13:53    319
 04   56.6   67.0  16:30   46.3  07:14    8.4    0.0   0.26    0.5   14.0  11:35    341
 05   48.7   57.1  12:57   41.9  23:58   16.3    0.0   0.24    0.7   16.0  11:12    332
 06   54.5   66.6  17:34   40.6  01:03   10.5    0.0   0.00    1.1   18.0  13:48    330
 07   59.0   77.6  16:30   39.8  06:40    6.0    0.0   0.00    0.4   12.0  13:00    344
 08   65.3   81.7  17:06   50.1  06:37    0.0    0.3   0.00    0.5    8.0  13:51    340
 09   65.4   79.5  15:01   55.3  03:56    0.0    0.4   0.00    0.1    8.0  15:11     69
 10   68.0   79.2  16:49   58.4  02:17    0.0    3.0   0.00    0.2    6.0  16:44     86
 11   70.8   82.5  16:28   61.2  05:49    0.0    5.8   0.00    0.2    7.0  15:23    327
 12
 13
 14   59.8   76.3  16:02   44.4  06:53    5.2    0.0   0.00    1.0   22.0  17:17    333
 15   54.4   66.7  15:37   44.7  06:42   10.6    0.0   0.00    1.7   13.8  09:32    333
 16   57.4   71.1  16:31   40.9  04:21    7.6    0.0   0.00    0.1    6.0  14:26    100
 17   65.9   74.7  15:45   59.3  06:50    0.0    0.9   0.40    0.1    4.0  03:16    106
 18   69.1   79.3  16:54   60.1  06:34    0.0    4.1   0.00    0.1    6.0  17:04    323
 19   67.9   78.1  14:33   60.5  05:08    0.0    2.9   0.00    0.1    5.0  14:03     41
 20   60.5   62.7  00:02   59.2  23:42    4.5    0.0   0.68    1.3    8.0  03:27    127
 21   64.6   73.7  15:42   59.1  02:57    0.4    0.0   0.14    0.0    0.0  00:02     90
 22   62.2   73.5  17:29   53.7  05:09    2.8    0.0   0.00    0.0    0.0  00:04     90
 23   63.5   79.7  16:35   47.8  06:50    1.5    0.0   0.00    0.4    8.0  16:55    328
 24   67.3   81.5  17:12   54.8  01:35    0.0    2.3   0.00    0.6    8.1  14:52    342
 25   69.6   78.8  11:28   54.1  06:43    0.0    4.6   0.00    0.0    2.3  10:33    349
 26   77.9   84.0  16:48   67.8  23:58    0.0   12.9   0.00    0.1    6.0  15:22     31
 27   73.4   81.8  15:37   63.1  06:38    0.0    8.4   0.00    0.3    5.0  15:08    102
 28   66.2   66.2  00:00   66.2  00:00    0.0    1.2   0.00    0.0    0.0  00:00     90
 29   73.3   87.8  16:29   61.5  06:29    0.0    8.3   0.00    0.4    8.1  12:44    333
 30
 31   73.0   89.0  16:27   59.1  07:02    0.0    8.0   0.00    0.2    6.0  15:32    356
---------------------------------------------------------------------------------------
      66.4   89.0     31   39.8     07   74.0   69.9   2.46    0.4   22.0     14     19