Report for 2016 June
                   MONTHLY CLIMATOLOGICAL SUMMARY for Jun 2016


NAME: Ellijay, GA                  
ELEV: 1480 feet    LAT: 34-38.16 N    LONG: 084-27.00 W


                   TEMPERATURE (°F), RAIN (in), WIND SPEED (mph)

                                         HEAT   COOL         AVG
      MEAN                               DEG    DEG          WIND                   DOM
DAY   TEMP   HIGH   TIME    LOW   TIME   DAYS   DAYS   RAIN  SPEED   HIGH   TIME    DIR
---------------------------------------------------------------------------------------
 01   73.2   90.2  14:08   65.3  01:08    0.0    8.2   0.36    0.2    6.0  12:28     88
 02
 03   73.9   87.8  17:51   61.7  06:27    0.0    8.9   0.00    0.2    5.0  13:17    324
 04   73.3   86.3  15:22   63.4  06:47    0.0    8.3   0.52    0.4    4.6  13:37     96
 05   70.7   73.7  16:03   68.5  06:37    0.0    5.7   0.66    0.1    3.5  17:53     50
 06   72.2   78.0  14:18   66.4  05:58    0.0    7.2   0.00    0.0    2.3  11:48    328
 07   73.0   86.1  16:44   61.0  07:49    0.0    8.0   0.02    0.7   11.5  13:39    330
 08   66.2   82.0  16:34   50.9  06:49    0.0    1.2   0.00    1.5    9.2  09:09    333
 09   66.5   83.8  14:33   50.3  06:43    0.0    1.5   0.00    0.2    4.6  13:38     12
 10   72.5   91.0  16:35   54.8  06:34    0.0    7.5   0.00    0.5    5.0  15:10    342
 11   75.2   91.3  14:33   60.2  06:30    0.0   10.2   0.00    0.3    4.6  15:53      4
 12   77.8   91.7  16:43   65.8  06:33    0.0   12.8   0.00    1.0    9.2  17:03    317
 13   77.9   93.1  16:40   63.0  06:40    0.0   12.9   0.00    0.8    7.0  11:45    323
 14   76.5   92.6  13:58   67.3  07:00    0.0   11.5   0.14    0.4    4.6  13:43      2
 15   74.7   85.7  17:38   68.4  01:33    0.0    9.7   0.76    0.5   13.8  21:24    340
 16   76.9   91.8  16:47   64.9  05:39    0.0   11.9   0.02    0.7    9.2  14:55    350
 17   80.8   91.8  16:45   68.1  05:05    0.0   15.8   0.00    2.3   15.0  17:51    326
 18   73.9   79.6  13:21   67.3  23:56    0.0    8.9   0.00    1.4    7.0  10:19    126
 19   69.8   82.2  17:55   62.4  00:00    0.0    4.8  68.48    0.3    5.8  12:00    118
 20   70.0   86.0  17:55   54.6  06:50    0.0    5.0   0.00    0.4    6.0  11:25    351
 21   74.0   89.9  16:34   59.1  06:37    0.0    9.0   0.10    0.7   12.0  16:04    359
 22   78.5   92.0  16:19   66.6  06:49    0.0   13.5   0.00    0.5    7.0  14:54    337
 23   79.3   91.2  16:40   67.5  06:59    0.0   14.3   0.00    0.5    7.0  14:50    340
 24   79.3   89.7  17:20   72.0  07:50    0.0   14.3   0.00    0.6    8.1  14:25    346
 25   79.4   95.7  16:15   66.3  06:50    0.0   14.4   0.00    0.9   10.4  11:55    341
 26   76.7   87.0  13:30   69.9  02:00    0.0   11.7   0.04    0.6   11.5  15:25    121
 27   77.4   92.7  16:33   68.3  06:33    0.0   12.4   0.76    0.5   11.0  19:08     17
 28   74.2   86.7  17:18   68.1  05:58    0.0    9.2   0.00    0.6    8.1  15:13    327
 29   75.7   90.0  15:18   62.1  06:48    0.0   10.7   0.00    1.0    8.0  16:38    336
 30   75.8   91.6  16:53   62.0  06:43    0.0   10.8   0.00    0.9    8.0  16:33    346
---------------------------------------------------------------------------------------
      74.7   95.7     25   50.3     09    0.0  280.4  71.86    0.8   15.0     17      8