Report for 2016 July
                   MONTHLY CLIMATOLOGICAL SUMMARY for Jul 2016


NAME: Ellijay, GA                  
ELEV: 1480 feet    LAT: 34-38.16 N    LONG: 084-27.00 W


                   TEMPERATURE (°F), RAIN (in), WIND SPEED (mph)

                                         HEAT   COOL         AVG
      MEAN                               DEG    DEG          WIND                   DOM
DAY   TEMP   HIGH   TIME    LOW   TIME   DAYS   DAYS   RAIN  SPEED   HIGH   TIME    DIR
---------------------------------------------------------------------------------------
 01   77.5   91.7  16:44   65.0  07:04    0.0   12.5   0.00    0.9   11.5  13:44    347
 02   78.1   93.2  16:39   64.2  06:49    0.0   13.1   0.00    0.9    6.9  15:34    357
 03   78.9   95.9  16:19   64.4  06:59    0.0   13.9   0.00    0.6    7.0  14:04    333
 04   80.7   92.6  17:54   69.1  06:54    0.0   15.7   0.00    0.8    9.2  16:39     81
 05   77.3   82.0  16:53   72.1  23:59    0.0   12.3   0.28    0.6    6.0  14:02    352
 06   72.3   81.3  18:04   67.6  23:59    0.0    7.3   4.30    0.3   11.0  21:19    311
 07   75.6   89.1  16:49   65.5  04:14    0.0   10.6   0.00    0.8    9.0  15:29     21
 08   77.6   92.1  15:00   66.8  06:39    0.0   12.6   0.10    0.7   10.4  13:29    351
 09   75.9   88.1  16:14   67.3  06:39    0.0   10.9   0.82    0.4   10.4  01:34    329
 10   76.1   85.9  16:44   68.3  06:49    0.0   11.1   0.00    0.1    4.0  15:24    321
 11   75.0   87.1  14:14   66.6  07:04    0.0   10.0   0.28    0.3    4.6  14:49    355
 12   75.0   87.8  14:09   65.6  07:09    0.0   10.0   0.00    0.4    4.6  13:09    341
 13   75.7   89.6  18:02   64.6  07:02    0.0   10.7   0.00    0.3    4.6  13:22    336
 14   77.2   90.9  16:47   66.5  06:57    0.0   12.2   0.00    0.7   11.0  18:47    319
 15   74.4   88.3  18:02   65.5  07:20    0.0    9.4   0.06    0.4    4.6  12:45    340
 16   74.9   89.3  14:57   66.2  07:02    0.0    9.9   0.14    0.4   12.7  16:22    344
 17   75.7   87.7  13:57   66.4  07:07    0.0   10.7   0.00    0.3    4.6  13:32     13
 18   73.6   88.3  14:40   67.6  06:48    0.0    8.6   0.28    0.3    9.2  15:30    343
 19   78.8   92.6  08:50   66.9  06:52    0.0   13.8 617.70    0.5    5.8  14:33    325
 20   79.0   93.1  16:46   68.0  06:57    0.0   14.0   0.00    0.2    6.0  14:16    308
 21   76.9   91.5  14:00   70.6  04:42    0.0   11.9   0.08    0.2    8.0  13:35     24
 22   80.1   89.4  16:49   67.7  07:12    0.0   15.1   0.00    0.6    6.0  14:53    345
 23   75.4   87.2  12:21   70.0  06:36    0.0   10.4   0.04    0.1    8.0  13:16     13
 24   78.4   92.1  16:46   66.3  06:51    0.0   13.4   0.00    0.3    4.6  11:31    355
 25   80.6   93.3  13:47   69.3  06:56    0.0   15.6   0.98    0.4    5.0  11:37      7
 26   79.3   89.2  16:09   72.1  06:31    0.0   14.3   0.02    0.3    5.0  11:36     29
 27   78.3   87.8  16:53   69.6  05:47    0.0   13.3   0.00    0.2    4.6  16:53     48
 28   75.5   83.5  17:50   70.8  05:13    0.0   10.5   0.50    0.3    9.2  18:05     72
 29   74.5   81.8  12:43   71.7  03:05    0.0    9.5   0.44    0.2    5.0  11:12    358
 30   76.4   87.5  16:52   68.6  05:57    0.0   11.4   0.00    0.3    6.0  14:22    336
 31   77.5   88.6  14:38   69.5  07:28    0.0   12.5   0.00    0.3    6.0  14:33      6
---------------------------------------------------------------------------------------
      76.7   95.9     03   64.2     02    0.0  367.1 626.02    0.4   12.7     16    351