Report for 2016 August
                   MONTHLY CLIMATOLOGICAL SUMMARY for Aug 2016


NAME: Ellijay, GA                  
ELEV: 1480 feet    LAT: 34-38.16 N    LONG: 084-27.00 W


                   TEMPERATURE (°F), RAIN (in), WIND SPEED (mph)

                                         HEAT   COOL         AVG
      MEAN                               DEG    DEG          WIND                   DOM
DAY   TEMP   HIGH   TIME    LOW   TIME   DAYS   DAYS   RAIN  SPEED   HIGH   TIME    DIR
---------------------------------------------------------------------------------------
 01   77.8   91.6  16:43   68.5  07:08    0.0   12.8   0.16    0.5    6.9  14:03    324
 02   75.3   85.7  16:49   66.9  07:04    0.0   10.3   0.02    0.4    8.1  13:49    330
 03   78.3   90.4  16:09   68.1  07:29    0.0   13.3   0.00    0.6    7.0  12:54    315
 04   76.1   88.2  14:13   70.0  23:57    0.0   11.1   2.50    0.2    9.0  16:08     46
 05   75.7   88.1  15:58   68.3  03:07    0.0   10.7   0.30    0.2    5.8  13:58    344
 06   77.9   89.9  16:43   67.2  07:08    0.0   12.9   0.00    0.3    6.0  14:23    342
 07   77.5   90.2  13:58   70.7  07:08    0.0   12.5   0.08    0.1    4.0  14:13    322
 08   77.9   86.2  17:54   72.0  06:43    0.0   12.9   0.16    0.5    5.8  17:34    126
 09   78.5   84.1  17:19   74.1  07:04    0.0   13.5   0.10    0.6    6.0  13:14    122
 10   77.0   83.7  15:44   72.1  06:59    0.0   12.0   0.08    0.5    5.8  14:39    123
 11   77.6   84.7  16:55   71.2  06:39    0.0   12.6   0.14    0.6    6.0  12:55    117
 12   79.7   85.2  18:16   74.9  06:01    0.0   14.7   0.00    0.5    5.0  11:46    115
 13   77.3   85.1  15:52   70.2  07:01    0.0   12.3   0.00    0.2    4.0  11:41     74
 14   76.9   87.2  15:13   68.1  07:17    0.0   11.9   0.00    0.1    5.0  14:53     13
 15   76.0   85.4  15:53   68.9  07:33    0.0   11.0   0.04    0.2    4.0  14:43    109
 16   77.8   88.8  13:53   68.4  07:08    0.0   12.8   0.00    0.3    5.0  17:08    107
 17   78.6   89.2  15:01   70.6  07:32    0.0   13.6   0.00    0.5    6.9  13:41    344
 18   77.0   88.8  15:18   68.3  07:21    0.0   12.0   0.04    0.4    9.0  16:33    336
 19   74.6   86.1  14:23   69.5  07:33    0.0    9.6   0.48    0.1    5.0  15:48    353
 20   75.8   84.7  17:04   70.9  07:29    0.0   10.8   0.04    0.3    5.0  11:49     22
 21   74.0   81.1  12:50   69.4  00:00    0.0    9.0   0.96    0.4   14.0  15:00    346
 22   71.6   82.5  15:56   62.7  07:00    0.0    6.6   0.00    0.2    7.0  11:01    339
 23   72.4   84.4  17:18   60.3  07:13    0.0    7.4   0.00    0.1    3.5  13:38     73
 24   77.0   84.7  15:49   68.1  07:19    0.0   12.0   0.00    0.3    6.0  16:40     80
 25   75.9   88.3  15:55   65.5  07:05    0.0   10.9   0.00    0.2    5.0  11:58    339
 26   74.9   88.2  13:16   68.6  07:30    0.0    9.9   1.68    0.2    7.0  11:05     14
 27   78.3   87.3  15:28   67.3  07:10    0.0   13.3   0.00    0.5    6.0  15:05    117
 28   75.4   86.4  15:04   67.6  07:24    0.0   10.4   0.00    0.3   10.0  17:44    308
 29   73.7   86.3  17:09   63.8  07:39    0.0    8.7   0.00    0.1    4.0  12:39    314
 30   73.8   86.3  15:22   61.9  07:32    0.0    8.8   0.00    0.3    5.8  15:37    127
 31   74.4   87.4  16:32   63.5  07:22    0.0    9.4   0.02    0.2    3.5  11:27    344
---------------------------------------------------------------------------------------
      76.3   91.6     01   60.3     23    0.0  349.5   6.80    0.3   14.0     21     49