Report for 2016 September
                   MONTHLY CLIMATOLOGICAL SUMMARY for Sep 2016


NAME: Ellijay, GA                  
ELEV: 1480 feet    LAT: 34-38.16 N    LONG: 084-27.00 W


                   TEMPERATURE (°F), RAIN (in), WIND SPEED (mph)

                                         HEAT   COOL         AVG
      MEAN                               DEG    DEG          WIND                   DOM
DAY   TEMP   HIGH   TIME    LOW   TIME   DAYS   DAYS   RAIN  SPEED   HIGH   TIME    DIR
---------------------------------------------------------------------------------------
 01   76.0   86.8  16:58   67.7  07:27    0.0   11.0   0.02    0.5   11.5  13:38    310
 02   74.7   83.1  16:26   67.4  07:18    0.0    9.7   0.00    0.9    8.0  17:21    343
 03   72.1   82.8  15:31   64.2  07:21    0.0    7.1   0.00    0.2    5.0  14:16    313
 04   71.8   82.7  16:39   63.5  04:36    0.0    6.8   0.00    0.5    6.0  11:41    120
 05   72.1   84.2  16:04   61.7  07:44    0.0    7.1   0.00    0.2    4.6  12:24    318
 06   72.1   87.1  16:15   59.4  07:29    0.0    7.1   0.00    0.3    5.8  12:34    320
 07   73.5   88.7  16:11   60.8  07:35    0.0    8.5   0.00    0.2    5.0  12:36    318
 08   73.4   88.7  15:51   61.0  07:26    0.0    8.4   0.00    0.4    6.0  12:06    333
 09   73.8   89.3  16:23   61.8  07:16    0.0    8.8   0.00    0.2    8.1  15:38    355
 10   74.7   88.6  15:24   62.1  06:09    0.0    9.7   0.22    0.2    6.0  13:14    354
 11   72.1   83.1  15:53   63.6  23:53    0.0    7.1   0.06    0.8    7.0  11:08    322
 12   71.6   86.0  15:32   58.2  07:13    0.0    6.6   0.02    0.2    3.5  13:42    105
 13   74.3   84.6  16:44   65.4  07:28    0.0    9.3   0.02    0.5    4.6  13:53    116
 14   74.5   89.0  15:41   63.2  07:45    0.0    9.5   0.00    0.4    5.8  14:21    313
 15   76.7   90.8  14:31   65.4  07:45    0.0   11.7   0.00    0.4    8.1  13:31    330
 16   73.6   84.4  16:02   64.5  06:27    0.0    8.6   0.00    0.5    4.6  10:17    115
 17   74.0   82.0  16:29   66.3  06:19    0.0    9.0   0.00    0.6    4.6  12:09    114
 18   71.3   74.8  14:31   67.1  23:02    0.0    6.3   1.50    0.1    3.5  14:16    100
 19   72.2   82.4  14:48   64.8  23:58    0.0    7.2   0.00    1.6   10.4  10:32    327
 20   70.4   85.3  16:49   58.9  07:49    0.0    5.4   0.00    0.6    7.0  12:44    326
 21   72.1   85.8  15:45   61.1  07:45    0.0    7.1   0.00    0.9    7.0  13:25    327
 22   72.0   85.6  15:38   61.4  07:47    0.0    7.0   0.00    0.8    7.0  13:48    323
 23   71.5   85.5  16:27   60.0  07:34    0.0    6.5   0.00    0.7    8.1  17:37    325
 24   72.8   87.4  15:23   60.9  07:33    0.0    7.8   0.00    0.3    4.0  15:33    341
 25   73.3   89.1  14:39   61.3  08:04    0.0    8.3   0.00    0.2    4.6  14:19     16
 26   70.7   83.9  15:19   63.5  06:54    0.0    5.7   0.30    0.4    8.1  16:54     26
 27   69.8   80.4  14:20   63.1  08:09    0.0    4.8   0.00    0.4    4.6  12:55    336
 28   66.8   79.8  16:34   55.5  23:54    0.0    1.8   0.00    0.3    4.6  14:09    334
 29   58.9   69.6  14:04   48.5  07:49    6.1    0.0   0.00    0.8   11.5  11:39    328
 30   54.9   68.4  15:10   42.4  07:49   10.1    0.0   0.00    0.6    5.8  11:29    341
---------------------------------------------------------------------------------------
      71.6   90.8     15   42.4     30   16.2  214.2   2.14    0.5   11.5     01    340