Report for 2016 October
                   MONTHLY CLIMATOLOGICAL SUMMARY for Oct 2016


NAME: Ellijay, GA                  
ELEV: 1480 feet    LAT: 34-38.16 N    LONG: 084-27.00 W


                   TEMPERATURE (°F), RAIN (in), WIND SPEED (mph)

                                         HEAT   COOL         AVG
      MEAN                               DEG    DEG          WIND                   DOM
DAY   TEMP   HIGH   TIME    LOW   TIME   DAYS   DAYS   RAIN  SPEED   HIGH   TIME    DIR
---------------------------------------------------------------------------------------
 01   57.9   72.4  17:57   43.4  08:02    7.1    0.0   0.00    0.5    6.9  14:32    348
 02   62.1   77.2  15:28   50.6  08:02    2.9    0.0   0.00    0.3    4.6  15:13    343
 03   62.7   77.3  16:19   49.3  07:53    2.3    0.0   0.00    0.2    4.6  12:34    322
 04   66.9   79.3  14:41   56.5  07:55    0.0    1.9   0.00    0.9    6.9  13:16    123
 05   67.5   79.4  15:39   56.1  07:52    0.0    2.5   0.00    0.3    4.6  15:14    348
 06   66.2   78.6  15:15   52.3  08:15    0.0    1.2   0.00    0.4    5.8  18:05    100
 07   68.3   82.2  15:58   54.5  05:10    0.0    3.3   0.00    0.6    6.9  11:08    328
 08   70.5   76.6  13:59   62.2  23:59    0.0    5.5   0.00    4.8   20.7  14:54    330
 09   62.4   72.6  14:45   51.5  08:14    2.6    0.0   0.00    3.5   15.0  11:25    333
 10   56.5   74.4  16:00   40.8  07:45    8.5    0.0   0.00    0.3    6.0  15:45    336
 11   55.9   71.1  15:53   42.0  07:27    9.1    0.0   0.00    0.5    5.8  14:18    120
 12   55.2   72.8  15:58   41.2  06:08    9.8    0.0   0.00    0.3    4.0  16:23     70
 13   59.0   79.1  16:13   41.8  07:33    6.0    0.0   0.00    0.4    4.6  12:08    336
 14   62.4   74.3  15:48   50.8  07:58    2.6    0.0   0.00    0.9    9.2  12:08    123
 15   66.5   73.5  15:57   62.0  05:33    0.0    1.5   0.00    1.0    6.0  20:27    126
 16   67.9   76.9  15:22   60.0  23:57    0.0    2.9   0.00    0.5    6.9  12:27    114
 17   64.4   78.0  15:33   52.3  08:03    0.6    0.0   0.00    0.3    3.5  11:43     58
 18   66.4   81.1  16:37   53.5  06:59    0.0    1.4   0.00    0.4    5.8  11:44     32
 19   71.7   84.0  15:04   63.8  00:00    0.0    6.7   0.00    0.3    4.0  12:44    359
 20   69.6   83.5  15:27   57.2  08:10    0.0    4.6   0.00    0.5    6.0  13:56    346
 21   58.8   68.6  00:01   50.3  22:27    6.2    0.0   0.22    4.1   17.3  12:03    317
 22   49.4   60.8  15:58   37.7  07:51   15.6    0.0   0.00    1.5   14.0  11:57    324
 23   48.6   68.8  16:11   31.6  08:10   16.4    0.0   0.00    0.4    4.6  14:19    339
 24   55.5   77.6  16:14   37.8  08:07    9.5    0.0   0.00    0.7    8.1  15:08    322
 25   56.7   74.0  15:48   40.3  08:26    8.3    0.0   0.00    0.2    3.5  13:08     60
 26   59.9   72.2  14:36   48.7  05:24    5.1    0.0   0.00    0.3    4.0  12:25     97
 27   64.6   75.5  16:13   56.4  06:57    0.4    0.0   0.00    0.4    4.6  13:07     38
 28   61.9   77.7  16:02   49.5  08:12    3.1    0.0   0.00    0.5    6.9  12:23    330
 29   60.0   79.3  15:48   44.7  08:03    5.0    0.0   0.00    0.4    6.9  12:38    320
 30   61.5   79.1  15:37   47.6  07:08    3.5    0.0   0.00    0.7    8.1  13:32    323
 31   62.2   81.4  15:20   47.2  07:53    2.8    0.0   0.00    0.4    6.0  12:22    319
---------------------------------------------------------------------------------------
      61.7   84.0     19   31.6     23  127.4   31.5   0.22    0.9   20.7     08    341