Report for 2016 November
                   MONTHLY CLIMATOLOGICAL SUMMARY for Nov 2016


NAME: Ellijay, GA                  
ELEV: 1480 feet    LAT: 34-38.16 N    LONG: 084-27.00 W


                   TEMPERATURE (°F), RAIN (in), WIND SPEED (mph)

                                         HEAT   COOL         AVG
      MEAN                               DEG    DEG          WIND                   DOM
DAY   TEMP   HIGH   TIME    LOW   TIME   DAYS   DAYS   RAIN  SPEED   HIGH   TIME    DIR
---------------------------------------------------------------------------------------
 01   64.9   78.8  14:39   52.3  07:29    0.1    0.0   0.00    0.4    4.6  12:14    112
 02   64.2   77.2  15:32   54.1  07:16    0.8    0.0   0.00    0.3    5.8  13:42     38
 03   62.2   76.4  15:59   50.8  08:04    2.8    0.0   0.00    0.5    8.1  11:59    340
 04   62.9   73.2  15:27   50.4  23:57    2.1    0.0   0.00    1.4   10.4  11:17    314
 05   53.4   69.4  16:33   39.6  08:23   11.6    0.0   0.00    0.4    9.2  14:38    330
 06   51.4   68.9  15:19   37.1  07:14   13.6    0.0   0.00    0.3    7.0  12:24    336
 07   52.0   69.3  14:57   37.3  07:36   13.0    0.0   0.00    0.7    8.1  11:16    117
 08   50.2   65.8  15:32   37.9  06:02   14.8    0.0   0.00    0.3    4.6  15:22    336
 09   52.5   64.5  13:49   42.6  07:18   12.5    0.0   0.00    2.2   11.5  13:14    319
 10   50.0   66.9  12:55   35.9  23:56   15.0    0.0   0.00    1.0   12.0  02:14    330
 11   47.3   64.8  15:28   28.1  06:42   17.7    0.0   0.00    0.9    9.2  16:28    315
 12   49.1   61.5  14:29   36.8  05:29   15.9    0.0   0.00    0.7    7.0  10:44    123
 13   50.6   61.7  14:06   38.5  23:23   14.4    0.0   0.00    0.3    4.0  11:46    348
 14   43.9   62.1  15:24   30.7  07:34   21.1    0.0   0.00    0.2    5.8  12:44    316
 15   44.8   64.0  14:21   30.6  07:25   20.2    0.0   0.00    0.4    9.2  14:36    320
 16   47.5   67.2  14:57   33.2  07:22   17.5    0.0   0.00    0.5    6.9  15:47    330
 17   50.2   72.8  14:43   33.5  07:08   14.8    0.0   0.00    0.3    6.0  12:33    320
 18   52.9   74.7  13:49   35.9  07:24   12.1    0.0   0.00    0.3    5.0  13:00      2
 19   46.5   55.1  06:46   40.8  23:37   18.5    0.0   0.00    3.6   15.0  09:16    289
 20   39.5   50.6  14:28   29.6  07:02   25.5    0.0   0.00    2.7   16.1  01:32    326
 21   42.7   54.8  14:25   33.0  23:56   22.3    0.0   0.00    2.2   14.0  12:09    321
 22   41.6   60.2  14:37   26.6  07:21   23.4    0.0   0.00    0.1    6.9  12:16     29
 23   51.0   62.8  14:52   37.2  01:01   14.0    0.0   0.18    0.6    8.0  16:18    119
 24   54.1   67.2  15:09   47.8  23:55   10.9    0.0 369.34    0.1    5.0  15:04    307
 25   48.7   63.2  12:22   38.8  07:46   16.3    0.0   0.00    0.3    7.0  23:50    358
 26   45.2   54.9  14:40   29.7  23:56   19.8    0.0   0.00    2.7   15.0  08:35    315
 27   40.7   56.7  15:11   24.0  07:26   24.3    0.0   0.00    0.3    5.8  23:57    120
 28   55.2   59.8  22:13   48.0  02:12    9.8    0.0  43.90    0.7    8.1  08:57    127
 29   60.2   68.6  14:59   52.9  06:53    4.8    0.0  87.36    0.0    0.0  00:03     90
 30   61.8   67.9  03:19   44.2  23:58    3.2    0.0   2.28    0.0    0.0  00:04     90
---------------------------------------------------------------------------------------
      51.2   78.8     01   24.0     27  412.9    0.0 503.06    0.7   16.1     20    331