Report for 2016 December
                   MONTHLY CLIMATOLOGICAL SUMMARY for Dec 2016


NAME: Ellijay, GA                  
ELEV: 1480 feet    LAT: 34-38.16 N    LONG: 084-27.00 W


                   TEMPERATURE (°F), RAIN (in), WIND SPEED (mph)

                                         HEAT   COOL         AVG
      MEAN                               DEG    DEG          WIND                   DOM
DAY   TEMP   HIGH   TIME    LOW   TIME   DAYS   DAYS   RAIN  SPEED   HIGH   TIME    DIR
---------------------------------------------------------------------------------------
 01   40.3   50.5  14:30   30.0  23:51   24.7    0.0   0.00    0.2   10.0  14:40    310
 02   40.1   56.1  14:12   27.3  04:39   24.9    0.0   0.02    0.3   12.0  14:02    312
 03   40.8   52.5  15:11   29.7  07:03   24.2    0.0   0.26    0.0    5.0  11:39    324
 04   43.2   44.2  09:29   42.6  04:03   21.8    0.0   2.04    1.2   13.0  11:51    121
 05   48.8   54.1  12:53   44.1  00:04   16.2    0.0   0.24    0.0    3.0  04:37    318
 06   52.1   54.3  19:00   47.7  23:51   12.9    0.0 202.44    0.6   11.0  08:08    130
 07   46.0   56.8  13:58   36.0  07:54   19.0    0.0   0.00    0.2   10.1  02:53    312
 08   39.0   44.2  12:17   28.0  23:33   26.0    0.0   0.00    0.7   18.0  17:03    306
 09   29.8   38.5  14:36   24.1  07:47   35.2    0.0   0.00    0.5   10.0  08:47    313
 10   29.5   44.8  15:09   18.1  07:40   35.5    0.0   0.00    0.1    5.0  14:28    306
 11   38.0   45.7  23:57   25.5  00:03   27.0    0.0   0.00    0.2    8.1  09:56    135
 12   48.2   56.2  15:54   36.0  23:58   16.8    0.0 250.48    0.1    8.0  01:43    339
 13   44.6   52.4  13:39   32.4  03:17   20.4    0.0   0.30    0.1    7.0  08:38    151
 14   42.7   52.5  14:56   28.8  23:40   22.3    0.0 124.36    1.2   10.0  02:58    311
 15   31.1   35.8  14:31   24.6  23:59   33.9    0.0   0.00    0.5   19.0  10:30    318
 16   32.4   39.9  12:56   21.9  04:00   32.6    0.0   0.00    0.6   13.0  21:17    126
 17   50.5   63.3  22:11   34.9  00:01   14.5    0.0   0.20    0.5    9.0  09:54    117
 18   52.1   64.6  04:20   34.2  19:31   12.9    0.0   0.68    0.6   15.0  19:41    308
 19   37.8   39.0  18:57   36.7  23:55   27.2    0.0 199.98    0.0    2.0  20:42    278
 20   34.9   44.1  14:48   28.0  23:12   30.1    0.0   0.00    0.0    2.0  02:41    335
 21   40.3   59.4  13:47   24.3  07:23   24.7    0.0   0.00    0.0    5.0  14:12    281
 22   47.5   58.5  13:18   37.0  23:59   17.5    0.0   0.00    0.3    9.0  20:41    295
 23   46.8   58.3  14:43   35.1  07:10   18.2    0.0   0.00    0.5   12.0  12:36    124
 24   50.6   57.9  15:47   46.8  23:49   14.4    0.0   0.00    0.0    0.0  00:04     90
 25   56.6   69.4  14:26   42.6  03:28    8.4    0.0   0.00    0.0    6.0  20:54    120
 26   57.7   61.3  00:04   55.4  12:58    7.3    0.0   0.26    0.6   11.0  00:30    129
 27   57.1   62.6  14:01   44.2  00:00    7.9    0.0   0.80    0.0    0.0  00:05     90
 28   46.5   59.2  15:18   35.1  08:00   18.5    0.0   0.02    0.0    3.0  11:29    327
 29   49.7   60.4  03:18   39.2  23:52   15.3    0.0   1.06    1.4   23.0  14:54    297
 30   37.5   45.9  14:53   27.1  23:50   27.5    0.0   0.00    0.8   15.0  10:23    314
 31   35.3   44.1  12:24   26.1  03:14   29.7    0.0   0.02    0.0    3.0  17:34     76
---------------------------------------------------------------------------------------
      43.6   69.4     25   18.1     10  667.5    0.0 783.16    0.4   23.0     29    312