Report for 2017
                     CLIMATOLOGICAL SUMMARY for year 2017


NAME: Ellijay, GA                  
ELEV: 1480 feet    LAT: 34-38.16 N    LONG: 084-27.00 W


                                       TEMPERATURE (°F)

                              HEAT    COOL                              MAX    MAX    MIN    MIN
          MEAN   MEAN         DEG     DEG                                >=     <=     <=     <=
 YR  MO   MAX    MIN    MEAN  DAYS    DAYS      HI  DAY     LOW  DAY     90     32     32      0
------------------------------------------------------------------------------------------------
2017 01   55.4   37.5   50.4  582.4    0.0    71.2   14    13.3   08      0      2     13      0
2017 02   59.3   38.3   49.1  451.2    0.0    74.7   24    20.4   04      0      1     10      0
2017 03   64.7   43.3   55.0  124.3    2.6    79.7   29    24.5   04      0      0      4      0
2017 04   74.8   51.6   63.0  106.6   45.2    84.6   29    30.6   08      0      0      1      0
2017 05   76.6   55.9   65.7   53.0   71.2    85.8   19    43.2   06      0      0      0      0
2017 06   80.2   63.0   70.7    0.0  165.5    87.2   15    51.7   26      0      0      0      0
2017 07   85.5   66.7   74.6    0.8  281.0    90.7   22    61.1   30      3      0      0      0
2017 08   81.8   66.1   73.3    0.0  246.6    87.9   21    59.3   06      0      0      0      0
2017 09   77.7   56.5   66.0   41.8   72.3    85.6   28    44.7   07      0      0      0      0
2017 10   70.1   49.0   58.6  235.2   51.0    81.5   10    28.8   30      0      0      2      0
2017 11   61.6   40.0   50.3  442.1    0.0    72.7   04    26.4   20      0      0      6      0
2017 12   49.3   31.7   39.5  435.0    0.0    65.2   01    19.9   10      0      0     10      0
------------------------------------------------------------------------------------------------
          70.8   51.0   57.9 2472.2  935.4    90.7  Jul    13.3  Jan      3      3     46      0


                  PRECIPITATION (in)

                  MAX         ---DAYS OF RAIN---
                  OBS.               OVER
 YR  MO  TOTAL    DAY  DATE   0.01   0.10   1.00
------------------------------------------------
2017 01   6.54   2.52    11     13     10      2
2017 02   2.70   0.74    28     12      6      0
2017 03   2.04   0.58    28      5      5      0
2017 04   7.03   1.44    05     13     10      2
2017 05   6.48   1.54    04     14     10      2
2017 06   6.48   1.53    05     12      9      2
2017 07   4.64   1.23    07     20     11      2
2017 08   4.26   1.34    06     11      7      2
2017 09   5.11   1.98    11      9      5      2
2017 10   5.96   2.02    08      8      6      3
2017 11   2.14   0.72    07     10      5      0
2017 12   1.47   0.68    05      9      4      0
------------------------------------------------
         54.85   2.52   Jan    136     88     17


           WIND SPEED (mph)

                                DOM
 YR  MO    AVG     HI   DATE    DIR
-----------------------------------
2017 01    0.1   19.0     23    119 
2017 02    0.3   18.0     13    304 
2017 03    0.3   20.0     01    305 
2017 04    0.3   24.0     07    108 
2017 05    0.2   17.0     06     24 
2017 06    0.1   13.0     15    331 
2017 07    0.1   16.0     06    328 
2017 08    0.1   11.0     31    328 
2017 09    0.1   17.0     11    352 
2017 10    0.2   22.0     16    350 
2017 11    0.2   21.0     19    324 
2017 12    0.2   17.0     12    314 
-----------------------------------
           0.2   24.0    Apr    348