Report for 2017 January
                   MONTHLY CLIMATOLOGICAL SUMMARY for Jan 2017


NAME: Ellijay, GA                  
ELEV: 1480 feet    LAT: 34-38.16 N    LONG: 084-27.00 W


                   TEMPERATURE (°F), RAIN (in), WIND SPEED (mph)

                                         HEAT   COOL         AVG
      MEAN                               DEG    DEG          WIND                   DOM
DAY   TEMP   HIGH   TIME    LOW   TIME   DAYS   DAYS   RAIN  SPEED   HIGH   TIME    DIR
---------------------------------------------------------------------------------------
 01   46.8   52.2  14:44   38.5  00:03   18.2    0.0   0.00    0.1    6.0  18:58    125
 02   55.6   59.5  11:46   52.0  00:20    9.4    0.0   0.46    0.2    8.0  23:43    122
 03   56.8   59.4  12:51   52.9  23:57    8.2    0.0   0.00    0.1    9.0  00:09     89
 04   44.5   52.5  00:04   31.3  23:58   20.5    0.0   0.00    0.6   11.0  16:45    309
 05   36.4   46.6  14:00   27.0  04:18   28.6    0.0   0.00    0.0    4.0  20:27    332
 06   31.5   38.7  00:05   26.1  23:52   33.5    0.0   0.00    0.6   11.0  10:02    314
 07   21.7   26.4  15:20   16.5  22:26   43.3    0.0   0.00    1.1   16.0  04:45    319
 08   21.7   30.6  15:16   13.3  06:05   43.3    0.0   0.00    0.6   15.0  13:09    315
 09   32.0   38.2  15:54   22.1  02:32   33.0    0.0   0.00    0.1    7.0  21:47    126
 10   41.9   51.0  16:45   34.1  01:04   23.1    0.0   1.44    0.3    8.0  11:56    125
 11   52.3   61.8  22:24   45.4  01:16   12.7    0.0   2.52    0.2    7.0  22:14    114
 12   59.1   65.6  15:10   53.1  23:59    5.9    0.0   0.18    0.0    0.0  00:00     90
 13   56.8   67.4  16:29   46.8  04:04    8.2    0.0   0.00    0.0    4.0  14:05      9
 14   58.9   71.2  15:30   50.6  23:57    6.1    0.0   0.00    0.1   11.0  13:39    314
 15   54.0   69.7  13:55   42.6  08:11   11.0    0.0   0.00    0.1    8.0  13:08    314
 16   50.5   64.1  14:17   43.5  05:23   14.5    0.0   0.00    0.0    6.0  12:02    135
 17   60.1   67.7  16:00   54.4  01:21    4.9    0.0   0.00    0.1   13.0  14:49    105
 18   58.5   65.0  13:17   45.8  23:58    6.5    0.0   0.04    0.2    8.0  13:50    304
 19   53.7   64.5  14:42   44.0  04:05   11.3    0.0   0.18    0.3    9.0  20:55    128
 20   59.0   67.0  13:42   50.9  00:15    6.0    0.0   0.11    0.2   11.0  13:18     52
 21   54.0   60.7  16:59   50.7  02:32   11.0    0.0   0.40    0.1   10.0  13:11    123
 22   55.5   60.3  12:17   48.2  23:43    9.5    0.0   0.79    0.7   11.0  13:46    123
 23   46.8   52.0  11:37   40.8  05:28   18.2    0.0   0.08    0.9   19.0  14:31    289
 24   44.7   54.6  15:06   35.3  23:33   20.3    0.0   0.00    0.4   13.0  10:18    316
 25   48.7   64.6  15:06   31.5  05:09   16.3    0.0   0.20    0.1    7.0  11:59    119
 26   47.0   58.3  01:20   30.7  23:58   18.0    0.0   0.11    0.6   13.0  14:17    296
 27   33.4   41.4  15:16   26.4  23:58   31.6    0.0   0.00    0.4   14.0  10:45    296
 28   34.6   47.2  15:13   22.5  07:54   30.4    0.0   0.00    0.2    9.0  13:15    308
 29   35.2   44.7  13:34   27.9  05:31   29.8    0.0   0.03    0.2   13.0  14:41    303
 30   37.3   48.8  15:56   28.9  08:11   27.7    0.0   0.00    0.4   18.0  01:09    300
 31   43.6   64.6  15:01   27.5  06:32   21.4    0.0   0.00    0.1    9.0  14:05    304
---------------------------------------------------------------------------------------
      50.4   71.2     14   13.3     08  582.4    0.0   6.54    0.1   19.0     23    119