nws-alerts: Checking more than four warning/county codes can delay the loading of your pages. You should use a cron job to get the data.


Report for 2017 February
                   MONTHLY CLIMATOLOGICAL SUMMARY for Feb 2017


NAME: Ellijay, GA                  
ELEV: 1480 feet    LAT: 34-38.16 N    LONG: 084-27.00 W


                   TEMPERATURE (F), RAIN (in), WIND SPEED (mph)

                                         HEAT   COOL         AVG
      MEAN                               DEG    DEG          WIND                   DOM
DAY   TEMP   HIGH   TIME    LOW   TIME   DAYS   DAYS   RAIN  SPEED   HIGH   TIME    DIR
---------------------------------------------------------------------------------------
 01   46.3   62.6  16:25   32.1  06:51   18.7    0.0   0.00    0.1    6.0  11:37    346
 02   47.3   56.0  12:02   39.7  03:26   17.7    0.0   0.00    0.1    7.0  22:26    312
 03   42.9   51.7  14:26   31.2  23:54   22.1    0.0   0.00    0.7   17.0  18:04    306
 04   34.8   46.5  15:05   20.4  07:54   30.2    0.0   0.00    0.4   11.0  00:11    120
 05   38.7   48.1  16:17   30.7  23:43   26.3    0.0   0.04    0.1    5.0  00:04    324
 06   43.8   54.7  17:00   30.6  00:06   21.2    0.0   0.21    0.0    3.0  12:55    326
 07   54.8   60.6  13:00   49.0  00:01   10.2    0.0   0.50    0.1    7.0  11:50    119
 08   56.4   63.4  15:11   51.4  00:01    8.6    0.0   0.20    0.1   15.0  22:44    243
 09   39.2   55.3  00:01   29.8  21:52   25.8    0.0   0.00    1.5   16.0  02:56    296
 10   30.9   31.0  00:01   30.9  00:03   34.0    0.0   0.00    0.0    1.0  00:04     90
 11   61.1   61.5  23:54   60.9  22:58    3.9    0.0   0.00    0.0    1.0  23:00     90
 12   62.8   69.1  16:53   51.5  23:47    2.2    0.0   0.08    0.3   12.0  19:39    304
 13   48.0   60.3  15:07   33.8  23:59   17.0    0.0   0.00    1.2   18.0  11:08    308
 14   44.8   64.6  14:43   28.3  07:09   20.2    0.0   0.00    0.1   10.0  12:32    313
 15   46.0   52.7  15:01   39.7  00:00   19.0    0.0   0.50    0.7   18.0  10:47    299
 16   39.9   53.0  16:02   27.7  07:34   25.1    0.0   0.00    0.3   11.0  14:12    307
 17   43.9   63.6  15:41   26.6  07:34   21.1    0.0   0.00    0.2    9.0  14:33    308
 18   46.0   51.1  15:44   38.8  03:02   19.0    0.0   0.18    0.0    1.0  12:21     90
 19   52.7   64.4  16:52   42.2  23:43   12.3    0.0   0.00    0.3   13.0  12:13    317
 20   52.9   72.0  15:10   35.5  07:34   12.1    0.0   0.00    0.0    4.0  11:59     14
 21   59.1   65.0  15:25   54.6  05:58    5.9    0.0   0.04    0.4   12.0  11:01    125
 22   58.9   64.3  16:07   52.6  23:58    6.1    0.0   0.02    0.0    0.0  00:01     90
 23   57.8   71.9  16:07   44.8  07:46    7.2    0.0   0.00    0.3    9.0  15:36    122
 24   62.5   74.7  15:36   46.7  06:30    2.5    0.0   0.00    0.3   11.0  12:11    119
 25   54.7   67.5  00:07   36.0  23:59   10.3    0.0   0.10    0.7   15.0  14:35    293
 26   41.3   56.0  15:11   30.6  02:22   23.7    0.0   0.00    0.4   15.0  09:05    318
 27   46.5   53.8  10:36   34.3  00:51   18.5    0.0   0.09    0.2   12.0  13:20    124
 28   54.8   65.4  10:53   42.5  01:17   10.2    0.0   0.74    0.1    6.0  10:23    118
---------------------------------------------------------------------------------------
      49.1   74.7     24   20.4     04  451.2    0.0   2.70    0.3   18.0     13    304