Report for 2017 March
                   MONTHLY CLIMATOLOGICAL SUMMARY for Mar 2017


NAME: Ellijay, GA                  
ELEV: 1480 feet    LAT: 34-38.16 N    LONG: 084-27.00 W


                   TEMPERATURE (°F), RAIN (in), WIND SPEED (mph)

                                         HEAT   COOL         AVG
      MEAN                               DEG    DEG          WIND                   DOM
DAY   TEMP   HIGH   TIME    LOW   TIME   DAYS   DAYS   RAIN  SPEED   HIGH   TIME    DIR
---------------------------------------------------------------------------------------
 01   62.1   70.0  16:26   50.6  23:58    2.9    0.0   0.48    0.4   20.0  23:37    301
 02   43.6   52.8  15:59   30.8  23:58   21.4    0.0   0.00    1.0   18.0  14:48    306
 03   37.4   50.5  13:26   25.7  07:04   27.6    0.0   0.00    0.8   19.0  11:13    302
 04   41.1   60.4  15:07   24.5  06:46   23.9    0.0   0.00    0.1    8.0  14:50    325
 05   31.9   35.1  00:00   29.9  05:58   33.1    0.0   0.00    0.0    0.0  00:00     90
 06
 07
 08
 09
 10
 11
 12
 13
 14
 15
 16
 17
 18
 19
 20
 21
 22
 23
 24
 25
 26   65.5   72.2  16:58   54.9  23:58    0.0    0.5   0.00    0.0    0.0  11:11     90
 27   61.6   72.8  13:52   52.1  02:33    3.4    0.0   0.50    0.0    0.0  00:01     90
 28   61.4   73.6  16:00   52.2  07:14    3.6    0.0   0.58    0.0    0.0  00:01     90
 29   61.8   79.7  16:21   43.9  07:46    3.2    0.0   0.00    0.0    0.0  00:00     90
 30   67.1   78.3  17:36   58.1  05:39    0.0    2.1   0.17    0.0   11.0  23:53    114
 31   59.7   66.0  16:55   53.8  23:58    5.3    0.0   0.31    0.4   13.0  14:49    304
---------------------------------------------------------------------------------------
      55.0   79.7     29   24.5     04  124.3    2.6   2.04    0.3   20.0     01    305