nws-alerts: Checking more than four warning/county codes can delay the loading of your pages. You should use a cron job to get the data.


Report for 2017 April
                   MONTHLY CLIMATOLOGICAL SUMMARY for Apr 2017


NAME: Ellijay, GA                  
ELEV: 1480 feet    LAT: 34-38.16 N    LONG: 084-27.00 W


                   TEMPERATURE (F), RAIN (in), WIND SPEED (mph)

                                         HEAT   COOL         AVG
      MEAN                               DEG    DEG          WIND                   DOM
DAY   TEMP   HIGH   TIME    LOW   TIME   DAYS   DAYS   RAIN  SPEED   HIGH   TIME    DIR
---------------------------------------------------------------------------------------
 01   57.6   72.5  16:21   42.2  07:40    7.4    0.0   0.00    0.5   11.0  12:21    319
 02   62.0   78.9  15:31   41.5  07:56    3.0    0.0   0.00    0.3   10.0  10:57    123
 03   63.3   68.6  00:06   56.9  12:31    1.7    0.0   0.95    0.0    0.0  00:01    N/A
 04   65.2   77.1  16:11   55.4  23:59    0.0    0.2   0.04    0.0    0.0  00:01    N/A
 05   56.2   61.3  14:26   49.0  06:10    8.8    0.0   1.44    0.8   15.0  15:59    125
 06   46.0   59.0  00:01   38.8  23:57   19.0    0.0   0.18    0.6   16.0  09:50    281
 07   46.4   58.6  17:04   34.3  07:45   18.6    0.0   0.00    0.6   24.0  11:03    291
 08   48.3   66.6  16:31   30.6  05:32   16.7    0.0   0.00    0.3   11.0  13:25    311
 09   54.7   74.8  16:56   32.6  07:21   10.3    0.0   0.00    0.2    8.0  14:36    114
 10   63.2   78.2  14:58   48.3  07:28    1.8    0.0   0.00    0.2    6.0  12:22    118
 11   63.6   79.0  14:41   47.3  07:40    1.4    0.0   0.00    0.1    9.0  18:12    321
 12   67.2   80.3  14:37   56.4  07:39    0.0    2.2   0.00    0.3   11.0  15:28    312
 13   66.3   81.5  16:40   48.9  07:36    0.0    1.3   0.00    0.1    8.0  15:22     74
 14   66.2   80.6  13:35   53.4  07:49    0.0    1.2   0.01    0.1    8.0  16:53     79
 15   67.2   79.1  14:46   54.7  07:35    0.0    2.2   0.00    0.4   12.0  14:54    119
 16   68.9   77.2  18:03   59.7  23:58    0.0    3.9   0.00    0.1    6.0  09:02    101
 17   64.4   79.8  15:30   53.6  04:47    0.6    0.0   0.65    0.2    9.0  15:25    318
 18   64.6   74.5  15:55   58.0  04:46    0.4    0.0   0.30    0.4    9.0  19:54    120
 19   67.0   76.7  16:06   59.7  02:47    0.0    2.0   0.35    0.4    8.0  09:10    122
 20   69.6   81.0  16:38   62.2  01:21    0.0    4.6   0.00    0.1    5.0  11:10     90
 21   69.9   82.9  16:55   58.4  07:17    0.0    4.9   0.00    0.2   11.0  16:29     30
 22   66.8   78.5  16:30   57.3  05:52    0.0    1.8   0.92    0.3   13.0  20:28    354
 23   57.6   60.7  11:42   51.5  23:55    7.4    0.0   1.18    0.2    8.0  11:23    121
 24   57.3   65.1  16:05   51.5  00:10    7.7    0.0   0.08    0.1    9.0  17:51    317
 25   63.0   74.2  16:41   55.2  07:42    2.0    0.0   0.00    0.3   10.0  13:51    330
 26   65.5   79.2  15:59   49.4  07:31    0.0    0.5   0.00    0.2    7.0  17:00    108
 27   67.1   73.7  17:23   58.3  23:58    0.0    2.1   0.57    0.3   11.0  06:38    105
 28   66.8   81.2  16:35   52.9  06:16    0.0    1.8   0.00    0.3    8.0  15:36    117
 29   74.0   84.6  15:22   64.3  07:18    0.0    9.0   0.00    0.3    8.0  16:45    115
 30   72.6   79.3  17:01   64.7  23:56    0.0    7.6   0.36    0.4    9.0  07:33    118
---------------------------------------------------------------------------------------
      63.0   84.6     29   30.6     08  106.6   45.2   7.03    0.3   24.0     07    108