nws-alerts: Checking more than four warning/county codes can delay the loading of your pages. You should use a cron job to get the data.


Report for 2017 May
                   MONTHLY CLIMATOLOGICAL SUMMARY for May 2017


NAME: Ellijay, GA                  
ELEV: 1480 feet    LAT: 34-38.16 N    LONG: 084-27.00 W


                   TEMPERATURE (F), RAIN (in), WIND SPEED (mph)

                                         HEAT   COOL         AVG
      MEAN                               DEG    DEG          WIND                   DOM
DAY   TEMP   HIGH   TIME    LOW   TIME   DAYS   DAYS   RAIN  SPEED   HIGH   TIME    DIR
---------------------------------------------------------------------------------------
 01   64.7   71.5  17:34   55.7  12:37    0.3    0.0   0.41    0.6   12.0  18:54    115
 02   59.5   73.3  16:50   44.9  07:01    5.5    0.0   0.00    0.3   11.0  10:51    341
 03   62.8   79.8  15:18   45.4  07:02    2.2    0.0   0.00    0.1    6.0  12:15    353
 04   61.9   70.3  02:58   56.2  23:58    3.1    0.0   1.54    1.1   14.0  13:52    122
 05   49.9   56.3  00:02   45.0  21:54   15.1    0.0   0.24    0.2   12.0  20:53    334
 06   53.2   68.2  16:02   43.3  07:28   11.8    0.0   0.37    0.8   17.0  17:18    323
 07
 08
 09   68.8   81.5  15:43   48.7  06:51    0.0    3.8   0.00    0.3   10.0  13:14    338
 10   67.7   81.8  14:43   52.6  06:24    0.0    2.7   0.00    0.2    8.0  10:51    335
 11   68.7   81.6  15:23   55.3  06:59    0.0    3.7   0.00    0.2   10.0  14:57    340
 12   67.4   77.9  14:10   61.5  03:18    0.0    2.4   0.06    0.1    8.0  13:47     28
 13   66.1   74.4  15:58   57.5  00:00    0.0    1.1   0.05    0.7   15.0  15:13    321
 14   64.0   80.4  16:37   47.8  06:50    1.0    0.0   0.00    0.1    6.0  11:56    330
 15   63.6   84.1  13:43   51.5  07:12    1.4    0.0   0.00    0.2    7.0  11:44    326
 16
 17
 18   75.7   84.3  16:28   67.7  07:08    0.0   10.7   0.00    0.1    7.0  10:36    105
 19   75.7   85.8  16:33   68.1  01:46    0.0   10.7   0.00    0.1    7.0  13:23    333
 20   73.6   85.3  15:54   63.6  06:58    0.0    8.6   0.28    0.2    8.0  19:39    117
 21   69.2   77.7  16:32   63.9  07:37    0.0    4.2   1.23    0.1    5.0  14:09    327
 22   69.9   78.4  13:54   63.8  05:15    0.0    4.9   0.05    0.1    7.0  12:05    325
 23   66.4   71.2  17:29   62.2  23:58    0.0    1.4   0.71    0.0    6.0  11:42     38
 24   62.0   67.4  17:11   54.8  23:57    3.0    0.0   0.20    0.1   14.0  18:14     26
 25   57.9   67.5  16:43   51.4  02:07    7.1    0.0   0.10    0.2   11.0  10:55    349
 26   62.5   77.9  16:35   45.6  06:38    2.5    0.0   0.00    0.2    9.0  13:16    335
 27   69.3   80.4  15:21   57.8  07:00    0.0    4.3   0.00    0.1   10.0  00:00      7
 28   67.3   76.9  17:53   61.8  03:43    0.0    2.3   0.69    0.1   16.0  00:07    323
 29   67.8   76.0  15:57   60.5  05:08    0.0    2.8   0.55    0.1   12.0  21:09    337
 30   67.9   75.9  12:29   62.6  02:35    0.0    2.9   0.00    0.1    7.0  13:43    341
 31   69.6   81.7  16:39   60.7  04:11    0.0    4.6   0.00    0.1    7.0  10:53    335
---------------------------------------------------------------------------------------
      65.7   85.8     19   43.3     06   53.0   71.2   6.48    0.2   17.0     06     24