nws-alerts: Checking more than four warning/county codes can delay the loading of your pages. You should use a cron job to get the data.


Report for 2017 June
                   MONTHLY CLIMATOLOGICAL SUMMARY for Jun 2017


NAME: Ellijay, GA                  
ELEV: 1480 feet    LAT: 34-38.16 N    LONG: 084-27.00 W


                   TEMPERATURE (F), RAIN (in), WIND SPEED (mph)

                                         HEAT   COOL         AVG
      MEAN                               DEG    DEG          WIND                   DOM
DAY   TEMP   HIGH   TIME    LOW   TIME   DAYS   DAYS   RAIN  SPEED   HIGH   TIME    DIR
---------------------------------------------------------------------------------------
 01   68.9   82.5  13:04   57.9  07:06    0.0    3.9   0.00    0.1    6.0  12:48    319
 02   71.6   84.3  16:36   60.1  06:45    0.0    6.6   0.00    0.2    8.0  11:46    319
 03   72.1   86.3  17:26   59.0  06:49    0.0    7.1   0.00    0.0    6.0  16:53    321
 04   71.4   80.7  16:15   66.1  05:33    0.0    6.4   0.66    0.0    5.0  13:54    102
 05   69.7   74.0  14:13   67.3  05:04    0.0    4.7   1.53    0.0    9.0  16:55    342
 06   71.0   78.7  17:22   66.3  23:29    0.0    6.0   0.01    0.1    7.0  10:26    320
 07   68.8   79.6  16:05   60.3  06:43    0.0    3.8   0.00    0.3    9.0  16:20    321
 08   66.6   76.6  16:18   57.1  06:06    0.0    1.6   0.00    0.1    7.0  13:20     29
 09   67.3   79.8  16:25   55.0  06:51    0.0    2.3   0.00    0.1   11.0  13:46    338
 10   69.6   82.8  15:53   56.7  06:28    0.0    4.6   0.00    0.0    5.0  13:31    350
 11   72.0   83.3  15:53   59.9  06:42    0.0    7.0   0.00    0.0    5.0  14:11    111
 12   76.0   85.2  16:04   69.8  06:49    0.0   11.0   0.00    0.0    6.0  16:58    350
 13
 14   69.0   70.8  19:33   68.0  23:56    0.0    4.0   0.01    0.0    1.0  19:46    N/A
 15   72.4   87.2  16:22   64.9  06:55    0.0    7.4   0.03    0.2   13.0  17:02    324
 16   71.4   81.1  15:43   65.1  06:45    0.0    6.4   0.00    0.1    6.0  10:18    340
 17   73.0   85.3  16:54   61.7  06:51    0.0    8.0   0.00    0.0    5.0  10:43      8
 18   74.2   82.1  15:48   67.4  03:20    0.0    9.2   0.00    0.0    4.0  10:48     75
 19   73.5   79.2  13:36   70.3  23:43    0.0    8.5   0.20    0.0    6.0  04:59      9
 20   71.6   80.0  14:39   64.8  06:40    0.0    6.6   0.00    0.0    5.0  11:35    306
 21   72.0   77.1  14:10   68.6  22:50    0.0    7.0   0.32    0.0    5.0  14:39     77
 22   70.7   74.7  15:37   67.5  06:18    0.0    5.7   0.57    0.0    4.0  12:55    158
 23   74.4   82.3  16:18   71.0  21:46    0.0    9.4   0.45    0.1    7.0  19:05    101
 24   73.6   81.8  15:27   67.4  23:58    0.0    8.6   0.92    0.1    6.0  15:18    332
 25   66.3   73.7  17:58   60.4  23:59    0.0    1.3   0.00    0.3   11.0  11:05    319
 26   66.3   81.8  16:38   51.7  06:59    0.0    1.3   0.00    0.1    7.0  15:38    328
 27   67.2   80.5  15:21   55.4  06:48    0.0    2.2   0.00    0.3   11.0  16:55    320
 28   68.1   82.7  15:51   52.7  06:15    0.0    3.1   0.00    0.0    5.0  11:11     84
 29   71.1   77.5  12:37   65.7  07:09    0.0    6.1   0.49    0.0    5.0  03:54    101
 30   70.8   73.7  18:54   68.2  00:01    0.0    5.8   1.29    0.0    5.0  15:17     11
---------------------------------------------------------------------------------------
      70.7   87.2     15   51.7     26    0.0  165.5   6.48    0.1   13.0     15    331