nws-alerts: Checking more than four warning/county codes can delay the loading of your pages. You should use a cron job to get the data.


Report for 2017 July
                   MONTHLY CLIMATOLOGICAL SUMMARY for Jul 2017


NAME: Ellijay, GA                  
ELEV: 1480 feet    LAT: 34-38.16 N    LONG: 084-27.00 W


                   TEMPERATURE (F), RAIN (in), WIND SPEED (mph)

                                         HEAT   COOL         AVG
      MEAN                               DEG    DEG          WIND                   DOM
DAY   TEMP   HIGH   TIME    LOW   TIME   DAYS   DAYS   RAIN  SPEED   HIGH   TIME    DIR
---------------------------------------------------------------------------------------
 01   73.1   83.9  16:39   68.7  23:59    0.0    8.1   1.00    0.1   15.0  17:10    328
 02   73.2   84.7  15:07   63.9  06:50    0.0    8.2   0.02    0.1    7.0  15:07    327
 03   75.1   84.4  15:46   68.9  23:59    0.0   10.1   0.04    0.2    9.0  19:46    335
 04   71.5   83.0  14:28   64.9  06:15    0.0    6.5   0.05    0.0    6.0  12:33    330
 05   72.8   86.1  14:05   66.7  07:19    0.0    7.8   0.17    0.1   14.0  16:22    348
 06   71.8   84.7  14:15   65.8  05:21    0.0    6.8   0.13    0.1   16.0  15:01      9
 07   73.1   82.2  17:32   66.8  05:35    0.0    8.1   1.23    0.1    9.0  17:19    339
 08   72.7   83.3  13:54   68.4  23:56    0.0    7.7   0.19    0.1   15.0  17:35    329
 09   72.3   84.4  14:15   61.7  06:57    0.0    7.3   0.01    0.1    7.0  12:01    333
 10   73.4   86.5  16:42   62.1  05:18    0.0    8.4   0.00    0.1    7.0  11:22    330
 11   75.2   87.6  16:49   63.6  06:46    0.0   10.2   0.00    0.1    6.0  15:43    329
 12   76.7   87.1  16:21   66.5  06:55    0.0   11.7   0.00    0.0    5.0  14:49    333
 13   77.8   87.6  13:13   68.4  07:19    0.0   12.8   0.00    0.1    7.0  17:28    335
 14   76.3   89.5  16:31   68.5  06:51    0.0   11.3   0.03    0.1    6.0  12:54    339
 15   72.7   83.9  13:13   67.5  06:36    0.0    7.7   0.13    0.0    9.0  13:37    317
 16   74.5   85.0  16:30   69.2  07:22    0.0    9.5   0.16    0.1   10.0  17:30    332
 17   71.1   85.7  13:44   64.6  00:00    0.0    6.1   0.67    0.1   16.0  15:42    317
 18   72.1   87.0  16:45   62.0  06:45    0.0    7.1   0.05    0.0    6.0  14:59    332
 19   74.3   86.5  12:46   64.7  06:56    0.0    9.3   0.07    0.1    7.0  13:03    323
 20   76.5   89.2  16:36   64.9  06:52    0.0   11.5   0.00    0.2   11.0  12:08    322
 21   77.1   90.2  13:35   68.0  06:39    0.0   12.1   0.06    0.0    7.0  15:50    342
 22   79.3   90.6  15:03   68.8  06:56    0.0   14.3   0.00    0.1    6.0  15:18    330
 23   77.0   85.2  16:25   71.7  07:05    0.0   12.0   0.12    0.1    7.0  11:55    335
 24   77.1   87.3  16:27   71.1  06:48    0.0   12.1   0.30    0.0    5.0  15:35    323
 25   77.0   89.3  13:41   67.7  07:00    0.0   12.0   0.00    0.0    6.0  16:05    323
 26   77.2   90.5  16:44   66.1  07:11    0.0   12.2   0.00    0.1    9.0  17:24    326
 27   76.2   87.3  15:23   70.1  07:10    0.0   11.2   0.01    0.0   11.0  15:53    326
 28   72.8   76.3  17:08   68.6  06:44    0.0    7.8   0.20    0.1    9.0  11:56      9
 29   76.2   83.8  13:15   70.3  06:49    0.0   11.2   0.00    0.6   15.0  13:47    319
 30   64.2   71.6  00:01   61.1  06:43    0.8    0.0   0.00    0.0    1.0  02:08    N/A
 31
---------------------------------------------------------------------------------------
      74.6   90.6     22   61.1     30    0.8  281.0   4.64    0.1   16.0     06    328